{"id":839,"date":"2021-08-23T16:30:00","date_gmt":"2021-08-23T14:30:00","guid":{"rendered":"https:\/\/cri.it\/venetonew\/?page_id=839"},"modified":"2022-01-04T13:39:23","modified_gmt":"2022-01-04T12:39:23","slug":"contatti","status":"publish","type":"page","link":"https:\/\/cri.it\/veneto\/contatti\/","title":{"rendered":"Contatti"},"content":{"rendered":"\t\t<div data-elementor-type=\"wp-page\" data-elementor-id=\"839\" class=\"elementor elementor-839\">\n\t\t\t\t\t\t<section class=\"elementor-section elementor-top-section elementor-element elementor-element-5ee01f1 elementor-section-boxed elementor-section-height-default elementor-section-height-default\" data-id=\"5ee01f1\" data-element_type=\"section\">\n\t\t\t\t\t\t<div class=\"elementor-container elementor-column-gap-default\">\n\t\t\t\t\t<div class=\"elementor-column elementor-col-100 elementor-top-column elementor-element elementor-element-139495b\" data-id=\"139495b\" data-element_type=\"column\">\n\t\t\t<div class=\"elementor-widget-wrap elementor-element-populated\">\n\t\t\t\t\t\t<div class=\"elementor-element elementor-element-a7a995d elementor-widget elementor-widget-heading\" data-id=\"a7a995d\" data-element_type=\"widget\" data-widget_type=\"heading.default\">\n\t\t\t\t<div class=\"elementor-widget-container\">\n\t\t\t\t\t<h2 class=\"elementor-heading-title elementor-size-default\"><h1 class=\"viewTitolo viewTitolo1\" style=\"font-size: 35px;margin-top: 12px;font-family: pt_sansbold, Arial, Verdana, sans-serif;line-height: 36.75px;text-transform: none\">Contatta il Comitato Regionale Veneto<\/h1><\/h2>\t\t\t\t<\/div>\n\t\t\t\t<\/div>\n\t\t\t\t\t<\/div>\n\t\t<\/div>\n\t\t\t\t\t<\/div>\n\t\t<\/section>\n\t\t\t\t<section class=\"elementor-section elementor-top-section elementor-element elementor-element-fa4b15c elementor-section-boxed elementor-section-height-default elementor-section-height-default\" data-id=\"fa4b15c\" data-element_type=\"section\">\n\t\t\t\t\t\t<div class=\"elementor-container elementor-column-gap-default\">\n\t\t\t\t\t<div class=\"elementor-column elementor-col-50 elementor-top-column elementor-element elementor-element-bfe6166\" data-id=\"bfe6166\" data-element_type=\"column\">\n\t\t\t<div class=\"elementor-widget-wrap elementor-element-populated\">\n\t\t\t\t\t\t<div class=\"elementor-element elementor-element-21dfad8 elementor-widget elementor-widget-google_maps\" data-id=\"21dfad8\" data-element_type=\"widget\" data-widget_type=\"google_maps.default\">\n\t\t\t\t<div class=\"elementor-widget-container\">\n\t\t\t\t\t\t\t<div class=\"elementor-custom-embed\">\n\t\t\t<iframe loading=\"lazy\"\n\t\t\t\t\tsrc=\"https:\/\/maps.google.com\/maps?q=Via%20Levantina%2C%20100%20-%20Jesolo%20Lido&#038;t=m&#038;z=13&#038;output=embed&#038;iwloc=near\"\n\t\t\t\t\ttitle=\"Via Levantina, 100 - Jesolo Lido\"\n\t\t\t\t\taria-label=\"Via Levantina, 100 - Jesolo Lido\"\n\t\t\t><\/iframe>\n\t\t<\/div>\n\t\t\t\t\t\t<\/div>\n\t\t\t\t<\/div>\n\t\t\t\t\t<\/div>\n\t\t<\/div>\n\t\t\t\t<div class=\"elementor-column elementor-col-50 elementor-top-column elementor-element elementor-element-745c2a3\" data-id=\"745c2a3\" data-element_type=\"column\">\n\t\t\t<div class=\"elementor-widget-wrap elementor-element-populated\">\n\t\t\t\t\t\t<div class=\"elementor-element elementor-element-44dbabd elementor-widget elementor-widget-text-editor\" data-id=\"44dbabd\" data-element_type=\"widget\" data-widget_type=\"text-editor.default\">\n\t\t\t\t<div class=\"elementor-widget-container\">\n\t\t\t\t\t\t\t\t\t<ul class=\"viewUL BLOBListSymbolSquare\" style=\"margin-bottom: 10px;list-style-type: square;line-height: 18.2px;color: #4b4b51;font-family: pt_sansregular, Arial, Verdana, sans-serif\"><li class=\"viewLI BLOBAlignJustify\" style=\"text-align: justify;margin-bottom: 5px\"><h3>Via Levantina, 100 &#8211; 30016 Jesolo Lido<\/h3><\/li><li class=\"viewLI BLOBAlignJustify\" style=\"text-align: justify;margin-bottom: 5px\"><h3>Email: veneto@cri.it<\/h3><\/li><li class=\"viewLI BLOBAlignJustify\" style=\"text-align: justify;margin-bottom: 5px\"><h3>PEC: cr.veneto@cert.cri.it<\/h3><\/li><li class=\"viewLI BLOBAlignJustify\" style=\"text-align: justify;margin-bottom: 5px\"><h3>Telefono :\u00a00421 380134<\/h3><\/li><\/ul>\t\t\t\t\t\t\t\t<\/div>\n\t\t\t\t<\/div>\n\t\t\t\t\t<\/div>\n\t\t<\/div>\n\t\t\t\t\t<\/div>\n\t\t<\/section>\n\t\t\t\t<section class=\"elementor-section elementor-top-section elementor-element elementor-element-3ebbab5 elementor-section-boxed elementor-section-height-default elementor-section-height-default\" data-id=\"3ebbab5\" data-element_type=\"section\">\n\t\t\t\t\t\t<div class=\"elementor-container elementor-column-gap-default\">\n\t\t\t\t\t<div class=\"elementor-column elementor-col-100 elementor-top-column elementor-element elementor-element-e3f3877\" data-id=\"e3f3877\" data-element_type=\"column\">\n\t\t\t<div class=\"elementor-widget-wrap elementor-element-populated\">\n\t\t\t\t\t\t<div class=\"elementor-element elementor-element-599cf2d elementor-widget-divider--view-line elementor-widget elementor-widget-divider\" data-id=\"599cf2d\" data-element_type=\"widget\" data-widget_type=\"divider.default\">\n\t\t\t\t<div class=\"elementor-widget-container\">\n\t\t\t\t\t\t\t<div class=\"elementor-divider\">\n\t\t\t<span class=\"elementor-divider-separator\">\n\t\t\t\t\t\t<\/span>\n\t\t<\/div>\n\t\t\t\t\t\t<\/div>\n\t\t\t\t<\/div>\n\t\t\t\t\t<\/div>\n\t\t<\/div>\n\t\t\t\t\t<\/div>\n\t\t<\/section>\n\t\t\t\t<section class=\"elementor-section elementor-top-section elementor-element elementor-element-3ead9d5 elementor-section-boxed elementor-section-height-default elementor-section-height-default\" data-id=\"3ead9d5\" data-element_type=\"section\">\n\t\t\t\t\t\t<div class=\"elementor-container elementor-column-gap-default\">\n\t\t\t\t\t<div class=\"elementor-column elementor-col-100 elementor-top-column elementor-element elementor-element-f3a3e73\" data-id=\"f3a3e73\" data-element_type=\"column\">\n\t\t\t<div class=\"elementor-widget-wrap elementor-element-populated\">\n\t\t\t\t\t\t<div class=\"elementor-element elementor-element-f619c01 elementor-widget elementor-widget-text-editor\" data-id=\"f619c01\" data-element_type=\"widget\" data-widget_type=\"text-editor.default\">\n\t\t\t\t<div class=\"elementor-widget-container\">\n\t\t\t\t\t\t\t\t\t<h4><strong><span class=\"userFormat1\" style=\"font-family: pt_sansbold, Arial, Verdana, sans-serif;color: #4b4b51;font-size: 14px;text-align: justify\">Scrivi al Comitato Regionale Veneto, compilando il modulo elettronico che segue.<\/span><\/strong><\/h4>\t\t\t\t\t\t\t\t<\/div>\n\t\t\t\t<\/div>\n\t\t\t\t\t<\/div>\n\t\t<\/div>\n\t\t\t\t\t<\/div>\n\t\t<\/section>\n\t\t\t\t<section class=\"elementor-section elementor-top-section elementor-element elementor-element-be68b5c elementor-section-boxed elementor-section-height-default elementor-section-height-default\" data-id=\"be68b5c\" data-element_type=\"section\">\n\t\t\t\t\t\t<div class=\"elementor-container elementor-column-gap-default\">\n\t\t\t\t\t<div class=\"elementor-column elementor-col-100 elementor-top-column elementor-element elementor-element-1f11420\" data-id=\"1f11420\" data-element_type=\"column\">\n\t\t\t<div class=\"elementor-widget-wrap elementor-element-populated\">\n\t\t\t\t\t\t<div class=\"elementor-element elementor-element-d760877 elementor-widget elementor-widget-content_form_contact\" data-id=\"d760877\" data-element_type=\"widget\" data-widget_type=\"content_form_contact.default\">\n\t\t\t\t<div class=\"elementor-widget-container\">\n\t\t\t\t\t<form action=\"https:\/\/cri.it\/veneto\/wp-admin\/admin-post.php\" method=\"post\" name=\"content-form-d760877\" id=\"content-form-d760877\" class=\"ti-cf-module content-form content-form-contact content_form_contact\"><input type=\"hidden\" id=\"_wpnonce_contact\" name=\"_wpnonce_contact\" value=\"832655b394\" \/><input type=\"hidden\" name=\"_wp_http_referer\" value=\"\/veneto\/wp-json\/wp\/v2\/pages\/839\" \/><input type=\"hidden\" name=\"action\" value=\"content_form_submit\" \/><input type=\"hidden\" name=\"form-type\" value=\"contact\" \/><input type=\"hidden\" name=\"form-builder\" value=\"elementor\" \/><input type=\"hidden\" name=\"post-id\" value=\"839\" \/><input type=\"hidden\" name=\"form-id\" value=\"d760877\" \/><fieldset class=\"content-form-field-text elementor-column elementor-col-100\"><label for=\"data[d760877][name]\" >Nome<span class=\"required-mark\"> *<\/span><\/label><input type=\"text\" name=\"data[d760877][name]\" id=\"data[d760877][name]\" required=\"required\"  placeholder=\"Nome\"><\/fieldset><fieldset class=\"content-form-field-text elementor-column elementor-col-100\"><label for=\"data[d760877][cognome]\" >Cognome<span class=\"required-mark\"> *<\/span><\/label><input type=\"text\" name=\"data[d760877][cognome]\" id=\"data[d760877][cognome]\" required=\"required\"  placeholder=\"Cognome\"><\/fieldset><fieldset class=\"content-form-field-email elementor-column elementor-col-100\"><label for=\"data[d760877][email]\" >Email<span class=\"required-mark\"> *<\/span><\/label><input type=\"text\" name=\"data[d760877][email]\" id=\"data[d760877][email]\" required=\"required\"  placeholder=\"Email\"><\/fieldset><fieldset class=\"content-form-field-text elementor-column elementor-col-100\"><label for=\"data[d760877][phone]\" >Telefono<\/label><input type=\"text\" name=\"data[d760877][phone]\" id=\"data[d760877][phone]\"   placeholder=\"Telefono\"><\/fieldset><fieldset class=\"content-form-field-textarea elementor-column elementor-col-100\"><label for=\"data[d760877][message]\" >Messaggio<span class=\"required-mark\"> *<\/span><\/label><textarea name=\"data[d760877][message]\" id=\"data[d760877][message]\"  required=\"required\" placeholder=\"Messaggio\" cols=\"30\" rows=\"5\"><\/textarea><\/fieldset><fieldset class=\"content-form-field-checkbox elementor-column elementor-col-100\"><label class=\"checkbox-input\" for=\"data[d760877][accetto-il-trattamento-dei-dati]\" >Accetto il trattamento dei dati<span class=\"required-mark\"> *<\/span><input type=\"checkbox\" name=\"data[d760877][accetto-il-trattamento-dei-dati]\" id=\"data[d760877][accetto-il-trattamento-dei-dati]\" required=\"required\" ><\/label><\/fieldset><fieldset class=\"submit-form contact\"><button type=\"submit\" name=\"submit\"  value=\"submit-contact-d760877\" class=\"\">Invia Dati<\/button><\/fieldset><\/form>\t\t\t\t<\/div>\n\t\t\t\t<\/div>\n\t\t\t\t\t<\/div>\n\t\t<\/div>\n\t\t\t\t\t<\/div>\n\t\t<\/section>\n\t\t\t\t<section class=\"elementor-section elementor-top-section elementor-element elementor-element-30ebb0d elementor-section-boxed elementor-section-height-default elementor-section-height-default\" data-id=\"30ebb0d\" data-element_type=\"section\" data-settings=\"{&quot;background_background&quot;:&quot;classic&quot;}\">\n\t\t\t\t\t\t<div class=\"elementor-container elementor-column-gap-default\">\n\t\t\t\t\t<div class=\"elementor-column elementor-col-100 elementor-top-column elementor-element elementor-element-7a35636\" data-id=\"7a35636\" data-element_type=\"column\">\n\t\t\t<div class=\"elementor-widget-wrap elementor-element-populated\">\n\t\t\t\t\t\t<div class=\"elementor-element elementor-element-d95a577 elementor-widget elementor-widget-text-editor\" data-id=\"d95a577\" data-element_type=\"widget\" data-widget_type=\"text-editor.default\">\n\t\t\t\t<div class=\"elementor-widget-container\">\n\t\t\t\t\t\t\t\t\t<p><span style=\"color: #020202; font-family: pt_sansregular, Arial, Verdana, sans-serif; font-size: 12.6px;\">Ai sensi degli\u00a0artt.\u00a0<\/span><span class=\"userFormat1\" style=\"font-family: pt_sansbold, Arial, Verdana, sans-serif; color: #020202; font-size: 12.6px;\">13 e 14 del Reg.UE\u00a0679\/2016<\/span><span style=\"color: #020202; font-family: pt_sansregular, Arial, Verdana, sans-serif; font-size: 12.6px;\">\u00a0si comunica che i trattamenti connessi al servizio di posta elettronica hanno luogo presso le sedi del Comitato Nazionale dell&#8217;Associazione della\u00a0Croce Rossa Italiana, a Roma e sono curati solo dai\u00a0<\/span><span class=\"userFormat1\" style=\"font-family: pt_sansbold, Arial, Verdana, sans-serif; color: #020202; font-size: 12.6px;\">Responsabili del trattamento<\/span><span style=\"color: #020202; font-family: pt_sansregular, Arial, Verdana, sans-serif; font-size: 12.6px;\">\u00a0e dal personale degli Uffici<\/span><span class=\"userFormat1\" style=\"font-family: pt_sansbold, Arial, Verdana, sans-serif; color: #020202; font-size: 12.6px;\">\u00a0autorizzato<\/span><span style=\"color: #020202; font-family: pt_sansregular, Arial, Verdana, sans-serif; font-size: 12.6px;\">\u00a0al trattamento. Nessun dato viene comunicato, se non per eseguire il servizio o la prestazione richiesta, o diffuso.<\/span><br style=\"color: #020202; font-family: pt_sansregular, Arial, Verdana, sans-serif; font-size: 12.6px;\" \/><span style=\"color: #020202; font-family: pt_sansregular, Arial, Verdana, sans-serif; font-size: 12.6px;\">L&#8217;invio facoltativo, esplicito e volontario dei dati personali tramite posta elettronica agli indirizzi indicati su questo sito comporta la successiva acquisizione dell&#8217;indirizzo del mittente, necessario per rispondere alle richieste, nonch\u00e9 degli eventuali altri dati personali inseriti nella missiva. L&#8217;utente \u00e8 libero di fornire i dati personali richiesti nei moduli ed il loro mancato conferimento pu\u00f2 comportare l&#8217;impossibilit\u00e0 di ottenere quanto richiesto.<\/span><br style=\"color: #020202; font-family: pt_sansregular, Arial, Verdana, sans-serif; font-size: 12.6px;\" \/><span style=\"color: #020202; font-family: pt_sansregular, Arial, Verdana, sans-serif; font-size: 12.6px;\">I dati personali sono trattati con strumenti automatizzati per il tempo strettamente necessario a conseguire gli scopi per cui sono stati raccolti. Specifiche misure di sicurezza sono osservate per prevenire la perdita dei dati, usi illeciti o non corretti.<\/span><br style=\"color: #020202; font-family: pt_sansregular, Arial, Verdana, sans-serif; font-size: 12.6px;\" \/><span style=\"color: #020202; font-family: pt_sansregular, Arial, Verdana, sans-serif; font-size: 12.6px;\">I soggetti cui si riferiscono i dati personali hanno il diritto in qualunque momento di far valere i diritti di cui agli\u00a0<\/span><span class=\"userFormat1\" style=\"font-family: pt_sansbold, Arial, Verdana, sans-serif; color: #020202; font-size: 12.6px;\">artt. 15-21 del Reg.UE\u00a0679\/2016<\/span><span style=\"color: #020202; font-family: pt_sansregular, Arial, Verdana, sans-serif; font-size: 12.6px;\">. Le richieste vanno inviate all&#8217;indirizzo\u00a0<\/span><a href=\"mailto:privacy@cri.it\" style=\"background: #ffffff; color: #4b4b51; font-family: pt_sansregular, Arial, Verdana, sans-serif; font-size: 12.6px;\">privacy@cri.it<\/a><br style=\"color: #020202; font-family: pt_sansregular, Arial, Verdana, sans-serif; font-size: 12.6px;\" \/><span style=\"color: #020202; font-family: pt_sansregular, Arial, Verdana, sans-serif; font-size: 12.6px;\">Al seguente indirizzo del nostro sito privacy policy, \u00e8 fornita in dettaglio, l&#8217;informativa completa per i servizi del sito\u00a0<\/span><a href=\"http:\/\/www.cri.it\" style=\"background: #ffffff; color: #4b4b51; font-family: pt_sansregular, Arial, Verdana, sans-serif; font-size: 12.6px;\">www.cri.it<\/a><span style=\"color: #020202; font-family: pt_sansregular, Arial, Verdana, sans-serif; font-size: 12.6px;\">.\u00a0<\/span><br style=\"color: #020202; font-family: pt_sansregular, Arial, Verdana, sans-serif; font-size: 12.6px;\" \/><a href=\"https:\/\/www.cri.it\/privacy\" style=\"background: #ffffff; color: #4b4b51; font-family: pt_sansregular, Arial, Verdana, sans-serif; font-size: 12.6px;\">Clicca qui per leggere l&#8217;informativa completa sul trattamento dei dati<\/a><\/p>\t\t\t\t\t\t\t\t<\/div>\n\t\t\t\t<\/div>\n\t\t\t\t\t<\/div>\n\t\t<\/div>\n\t\t\t\t\t<\/div>\n\t\t<\/section>\n\t\t\t\t<\/div>\n\t\t","protected":false},"excerpt":{"rendered":"<p>Contatta il Comitato Regionale Veneto Via Levantina, 100 &#8211; 30016 Jesolo Lido Email: veneto@cri.it PEC: cr.veneto@cert.cri.it Telefono :\u00a00421 380134 Scrivi al Comitato Regionale Veneto, compilando il modulo elettronico che segue. Nome * Cognome * Email * Telefono Messaggio * Accetto il trattamento dei dati * Invia Dati Ai sensi degli\u00a0artt.\u00a013 [&hellip;]<\/p>\n","protected":false},"author":74,"featured_media":0,"parent":0,"menu_order":0,"comment_status":"closed","ping_status":"closed","template":"page-templates\/template-pagebuilder-full-width.php","meta":{"_themeisle_gutenberg_block_has_review":false,"footnotes":""},"categories":[],"tags":[],"class_list":["post-839","page","type-page","status-publish","hentry"],"_links":{"self":[{"href":"https:\/\/cri.it\/veneto\/wp-json\/wp\/v2\/pages\/839","targetHints":{"allow":["GET"]}}],"collection":[{"href":"https:\/\/cri.it\/veneto\/wp-json\/wp\/v2\/pages"}],"about":[{"href":"https:\/\/cri.it\/veneto\/wp-json\/wp\/v2\/types\/page"}],"author":[{"embeddable":true,"href":"https:\/\/cri.it\/veneto\/wp-json\/wp\/v2\/users\/74"}],"replies":[{"embeddable":true,"href":"https:\/\/cri.it\/veneto\/wp-json\/wp\/v2\/comments?post=839"}],"version-history":[{"count":3,"href":"https:\/\/cri.it\/veneto\/wp-json\/wp\/v2\/pages\/839\/revisions"}],"predecessor-version":[{"id":996,"href":"https:\/\/cri.it\/veneto\/wp-json\/wp\/v2\/pages\/839\/revisions\/996"}],"wp:attachment":[{"href":"https:\/\/cri.it\/veneto\/wp-json\/wp\/v2\/media?parent=839"}],"wp:term":[{"taxonomy":"category","embeddable":true,"href":"https:\/\/cri.it\/veneto\/wp-json\/wp\/v2\/categories?post=839"},{"taxonomy":"post_tag","embeddable":true,"href":"https:\/\/cri.it\/veneto\/wp-json\/wp\/v2\/tags?post=839"}],"curies":[{"name":"wp","href":"https:\/\/api.w.org\/{rel}","templated":true}]}}