{"id":1090,"date":"2021-09-17T10:03:03","date_gmt":"2021-09-17T08:03:03","guid":{"rendered":"https:\/\/cri.it\/trentinonew\/?page_id=1090"},"modified":"2024-12-13T14:09:52","modified_gmt":"2024-12-13T13:09:52","slug":"principi-e-valori","status":"publish","type":"page","link":"https:\/\/cri.it\/trentino\/principi-e-valori\/","title":{"rendered":"Principi, valori e cooperazione internazionale"},"content":{"rendered":"\t\t<div data-elementor-type=\"wp-page\" data-elementor-id=\"1090\" class=\"elementor elementor-1090\">\n\t\t\t\t\t\t<section class=\"elementor-section elementor-top-section elementor-element elementor-element-d057827 elementor-section-boxed elementor-section-height-default elementor-section-height-default\" data-id=\"d057827\" data-element_type=\"section\" data-e-type=\"section\">\n\t\t\t\t\t\t<div class=\"elementor-container elementor-column-gap-default\">\n\t\t\t\t\t<div class=\"elementor-column elementor-col-100 elementor-top-column elementor-element elementor-element-5b51b33\" data-id=\"5b51b33\" data-element_type=\"column\" data-e-type=\"column\">\n\t\t\t<div class=\"elementor-widget-wrap elementor-element-populated\">\n\t\t\t\t\t\t<div class=\"elementor-element elementor-element-a7e74ea elementor-widget elementor-widget-image\" data-id=\"a7e74ea\" data-element_type=\"widget\" data-e-type=\"widget\" data-widget_type=\"image.default\">\n\t\t\t\t<div class=\"elementor-widget-container\">\n\t\t\t\t\t\t\t\t\t\t\t\t\t\t\t<img fetchpriority=\"high\" decoding=\"async\" width=\"250\" height=\"250\" src=\"https:\/\/cri.it\/trentino\/wp-content\/uploads\/sites\/19\/2022\/01\/T-5c78e8802885b03de5425ede8b379c0e-250x250-1.jpg\" class=\"attachment-large size-large wp-image-1304\" alt=\"\" srcset=\"https:\/\/cri.it\/trentino\/wp-content\/uploads\/sites\/19\/2022\/01\/T-5c78e8802885b03de5425ede8b379c0e-250x250-1.jpg 250w, https:\/\/cri.it\/trentino\/wp-content\/uploads\/sites\/19\/2022\/01\/T-5c78e8802885b03de5425ede8b379c0e-250x250-1-150x150.jpg 150w\" sizes=\"(max-width: 250px) 100vw, 250px\" \/>\t\t\t\t\t\t\t\t\t\t\t\t\t\t\t<\/div>\n\t\t\t\t<\/div>\n\t\t\t\t\t<\/div>\n\t\t<\/div>\n\t\t\t\t<div class=\"elementor-column elementor-col-100 elementor-top-column elementor-element elementor-element-893c83c\" data-id=\"893c83c\" data-element_type=\"column\" data-e-type=\"column\">\n\t\t\t<div class=\"elementor-widget-wrap elementor-element-populated\">\n\t\t\t\t\t\t<div class=\"elementor-element elementor-element-d171b75 elementor-widget elementor-widget-text-editor\" data-id=\"d171b75\" data-element_type=\"widget\" data-e-type=\"widget\" data-widget_type=\"text-editor.default\">\n\t\t\t\t<div class=\"elementor-widget-container\">\n\t\t\t\t\t\t\t\t\t<p>La <acronym title=\"Croce Rossa Italiana\">C.R.I. <\/acronym>condivide con gli altri membri del Movimento Internazionale il mandato istituzionale della disseminazione del Diritto Internazionale Umanitario, dei Principi Fondamentali e dei Valori Umanitari. La <acronym title=\"Croce Rossa Italiana\">C.R.I.<\/acronym>, in quanto membro del Movimento Internazionale di Croce Rossa e Mezzaluna Rossa, gode del vantaggio comparativo di poter lavorare in rete con le altre Societ\u00e0 Nazionali di Croce Rossa e Mezzaluna Rossa, nonch\u00e9 con gli altri membri del Movimento Internazionale, al fine di migliorare l\u2019intervento in favore dei vulnerabili. Coerentemente con il Principio Fondamentale di Universalit\u00e0, la <acronym title=\"Croce Rossa Italiana\">C.R.I. <\/acronym>condivide conoscenze, esperienze e risorse con le altre Societ\u00e0 Nazionali.<\/p>\t\t\t\t\t\t\t\t<\/div>\n\t\t\t\t<\/div>\n\t\t\t\t\t<\/div>\n\t\t<\/div>\n\t\t\t\t\t<\/div>\n\t\t<\/section>\n\t\t\t\t<section class=\"elementor-section elementor-top-section elementor-element elementor-element-f57188d elementor-section-boxed elementor-section-height-default elementor-section-height-default\" data-id=\"f57188d\" data-element_type=\"section\" data-e-type=\"section\">\n\t\t\t\t\t\t<div class=\"elementor-container elementor-column-gap-default\">\n\t\t\t\t\t\t<\/div>\n\t\t<\/section>\n\t\t\t\t<section class=\"elementor-section elementor-top-section elementor-element elementor-element-0defed3 elementor-section-boxed elementor-section-height-default elementor-section-height-default\" data-id=\"0defed3\" data-element_type=\"section\" data-e-type=\"section\">\n\t\t\t\t\t\t<div class=\"elementor-container elementor-column-gap-default\">\n\t\t\t\t\t<div class=\"elementor-column elementor-col-100 elementor-top-column elementor-element elementor-element-9367b3d\" data-id=\"9367b3d\" data-element_type=\"column\" data-e-type=\"column\">\n\t\t\t<div class=\"elementor-widget-wrap elementor-element-populated\">\n\t\t\t\t\t\t<div class=\"elementor-element elementor-element-b9b1441 elementor-widget elementor-widget-text-editor\" data-id=\"b9b1441\" data-element_type=\"widget\" data-e-type=\"widget\" data-widget_type=\"text-editor.default\">\n\t\t\t\t<div class=\"elementor-widget-container\">\n\t\t\t\t\t\t\t\t\t<h3 class=\"viewTitolo4\">Costituiscono obiettivi specifici di quest\u2019area:<\/h3><div class=\"viewLineBreak\"><\/div><ul class=\"viewUL BLOBListSymbolDisc\"><li class=\"viewLI BLOBAlignJustify\">adempiere al mandato istituzionale della diffusione del Diritto Internazionale Umanitario, dei Principi Fondamentali e dei Valori Umanitari;<\/li><li class=\"viewLI BLOBAlignJustify\">sviluppare opportunit\u00e0 di collaborazione all\u2019interno del Movimento Internazionale, coerentemente con il Principio Fondamentale di Universalit\u00e0.<\/li><\/ul>\t\t\t\t\t\t\t\t<\/div>\n\t\t\t\t<\/div>\n\t\t\t\t\t<\/div>\n\t\t<\/div>\n\t\t\t\t\t<\/div>\n\t\t<\/section>\n\t\t\t\t<section class=\"elementor-section elementor-top-section elementor-element elementor-element-e5da4d6 elementor-section-boxed elementor-section-height-default elementor-section-height-default\" data-id=\"e5da4d6\" data-element_type=\"section\" data-e-type=\"section\">\n\t\t\t\t\t\t<div class=\"elementor-container elementor-column-gap-default\">\n\t\t\t\t\t<div class=\"elementor-column elementor-col-100 elementor-top-column elementor-element elementor-element-2f2527e\" data-id=\"2f2527e\" data-element_type=\"column\" data-e-type=\"column\">\n\t\t\t<div class=\"elementor-widget-wrap elementor-element-populated\">\n\t\t\t\t\t\t<div class=\"elementor-element elementor-element-6c72614 elementor-widget elementor-widget-text-editor\" data-id=\"6c72614\" data-element_type=\"widget\" data-e-type=\"widget\" data-widget_type=\"text-editor.default\">\n\t\t\t\t<div class=\"elementor-widget-container\">\n\t\t\t\t\t\t\t\t\t<h3 class=\"viewTitolo4\">Costituiscono attivit\u00e0 quadro di quest\u2019area:<\/h3><div class=\"viewLineBreak\"><\/div><ul class=\"viewUL BLOBListSymbolDisc\"><li class=\"viewLI BLOBAlignJustify\">la disseminazione del DirittInternazionale Umanitario;<\/li><li class=\"viewLI BLOBAlignJustify\">la disseminazione dei Principi Fondamentali e dei Valori Umanitari del Movimento Internazionale;<\/li><li class=\"viewLI BLOBAlignJustify\">i progetti di cooperazione (bilaterali e\/multilaterali) con le altre Societ\u00e0 Nazionale sia a livellnazionale che decentrato;<\/li><li class=\"viewLI BLOBAlignJustify\">le attivit\u00e0 volte alla promozione della tutela dell\u2019emblema;<\/li><li class=\"viewLI BLOBAlignJustify\">l\u2019IDRL (International Disaster Response Laws, Rules and Principles, promosso dalla Federazione Internazionale).<\/li><\/ul><div class=\"viewLineBreak\"><\/div>\t\t\t\t\t\t\t\t<\/div>\n\t\t\t\t<\/div>\n\t\t\t\t\t<\/div>\n\t\t<\/div>\n\t\t\t\t\t<\/div>\n\t\t<\/section>\n\t\t\t\t<section class=\"elementor-section elementor-top-section elementor-element elementor-element-3a33e66 elementor-section-boxed elementor-section-height-default elementor-section-height-default\" data-id=\"3a33e66\" data-element_type=\"section\" data-e-type=\"section\">\n\t\t\t\t\t\t<div class=\"elementor-container elementor-column-gap-default\">\n\t\t\t\t\t<div class=\"elementor-column elementor-col-100 elementor-top-column elementor-element elementor-element-068a4ed\" data-id=\"068a4ed\" data-element_type=\"column\" data-e-type=\"column\">\n\t\t\t<div class=\"elementor-widget-wrap elementor-element-populated\">\n\t\t\t\t\t\t<div class=\"elementor-element elementor-element-aef4912 elementor-widget elementor-widget-text-editor\" data-id=\"aef4912\" data-element_type=\"widget\" data-e-type=\"widget\" data-widget_type=\"text-editor.default\">\n\t\t\t\t<div class=\"elementor-widget-container\">\n\t\t\t\t\t\t\t\t\t<h3 class=\"viewTitolo3\">Raid Cross<\/h3><div class=\"viewPar BLOBAlignJustify\"><p>Il Raid Cross \u00e8 un gioco di ruolo pensato per far avvicinare i giovani ai principi fondamentali del Diritto Internazionale Umanitario. Il gioco simula una situazione di guerra tra due paesi, un gioco concepito per aiutare a comprendere quali sono le principali questioni di carattere umanitario che si pongono in un conflitto armato. Questa attivit\u00e0 \u00e8 realizzata in collaborazione con l\u2019Area 5.<\/p><h3>Storia<\/h3><\/div><div class=\"viewLineBreak\"><\/div>\t\t\t\t\t\t\t\t<\/div>\n\t\t\t\t<\/div>\n\t\t\t\t\t<\/div>\n\t\t<\/div>\n\t\t\t\t\t<\/div>\n\t\t<\/section>\n\t\t\t\t<section class=\"elementor-section elementor-top-section elementor-element elementor-element-bbd64ec elementor-section-boxed elementor-section-height-default elementor-section-height-default\" data-id=\"bbd64ec\" data-element_type=\"section\" data-e-type=\"section\">\n\t\t\t\t\t\t<div class=\"elementor-container elementor-column-gap-default\">\n\t\t\t\t\t<div class=\"elementor-column elementor-col-50 elementor-top-column elementor-element elementor-element-3eacfae\" data-id=\"3eacfae\" data-element_type=\"column\" data-e-type=\"column\">\n\t\t\t<div class=\"elementor-widget-wrap elementor-element-populated\">\n\t\t\t\t\t\t<div class=\"elementor-element elementor-element-1f23741 elementor-widget elementor-widget-image\" data-id=\"1f23741\" data-element_type=\"widget\" data-e-type=\"widget\" data-widget_type=\"image.default\">\n\t\t\t\t<div class=\"elementor-widget-container\">\n\t\t\t\t\t\t\t\t\t\t\t\t\t\t\t<img decoding=\"async\" width=\"249\" height=\"165\" src=\"https:\/\/cri.it\/trentino\/wp-content\/uploads\/sites\/19\/2022\/01\/T-26b507c735ceb20cdc4b62b4e2a7664a-250x165-1.jpg\" class=\"attachment-large size-large wp-image-1302\" alt=\"\" \/>\t\t\t\t\t\t\t\t\t\t\t\t\t\t\t<\/div>\n\t\t\t\t<\/div>\n\t\t\t\t\t<\/div>\n\t\t<\/div>\n\t\t\t\t<div class=\"elementor-column elementor-col-50 elementor-top-column elementor-element elementor-element-6b85d8f\" data-id=\"6b85d8f\" data-element_type=\"column\" data-e-type=\"column\">\n\t\t\t<div class=\"elementor-widget-wrap elementor-element-populated\">\n\t\t\t\t\t\t<div class=\"elementor-element elementor-element-7cf1606 elementor-widget elementor-widget-text-editor\" data-id=\"7cf1606\" data-element_type=\"widget\" data-e-type=\"widget\" data-widget_type=\"text-editor.default\">\n\t\t\t\t<div class=\"elementor-widget-container\">\n\t\t\t\t\t\t\t\t\t<p>Altro settore importantissimo per ricercare le basi della nostra Organizzazione nella nostra Storia. In aggiunta alla divulgazione della Storia del Movimento all\u2019interno e all\u2019esterno della<span>\u00a0<\/span><acronym title=\"Croce Rossa Italiana\">CRI<\/acronym>, ci impegniamo a ricercare e mantenere vive le testimonianze della Croce Rossa in Trentino dalla nascita ai giorni nostri. Collaboriamo con Enti e Organizzazioni Provinciali come la Fondazione Museo Storico del Trentino.<\/p>\t\t\t\t\t\t\t\t<\/div>\n\t\t\t\t<\/div>\n\t\t\t\t\t<\/div>\n\t\t<\/div>\n\t\t\t\t\t<\/div>\n\t\t<\/section>\n\t\t\t\t<section class=\"elementor-section elementor-top-section elementor-element elementor-element-bec21ae elementor-section-boxed elementor-section-height-default elementor-section-height-default\" data-id=\"bec21ae\" data-element_type=\"section\" data-e-type=\"section\">\n\t\t\t\t\t\t<div class=\"elementor-container elementor-column-gap-default\">\n\t\t\t\t\t\t<\/div>\n\t\t<\/section>\n\t\t\t\t<section class=\"elementor-section elementor-top-section elementor-element elementor-element-9d5369e elementor-section-boxed elementor-section-height-default elementor-section-height-default\" data-id=\"9d5369e\" data-element_type=\"section\" data-e-type=\"section\">\n\t\t\t\t\t\t<div class=\"elementor-container elementor-column-gap-default\">\n\t\t\t\t\t<div class=\"elementor-column elementor-col-100 elementor-top-column elementor-element elementor-element-dd8e563\" data-id=\"dd8e563\" data-element_type=\"column\" data-e-type=\"column\">\n\t\t\t<div class=\"elementor-widget-wrap elementor-element-populated\">\n\t\t\t\t\t\t<div class=\"elementor-element elementor-element-04b5735 elementor-widget elementor-widget-text-editor\" data-id=\"04b5735\" data-element_type=\"widget\" data-e-type=\"widget\" data-widget_type=\"text-editor.default\">\n\t\t\t\t<div class=\"elementor-widget-container\">\n\t\t\t\t\t\t\t\t\t<h3 class=\"viewTitolo3\">Istruttori<span>\u00a0<\/span><acronym title=\"Diritto Internazionale Umanitario\">DIU<\/acronym><\/h3><div class=\"viewPar BLOBAlignJustify\"><p>Sono dei Volontari formati con corsi specifici che hanno superato un percorso specifico per diventare istruttori di Diritto Internazionale Umanitario.<\/p><\/div><div class=\"viewLineBreak\"><\/div><h3 class=\"viewTitolo3\">Internazionale<\/h3><div class=\"viewPar BLOBAlignJustify\"><p>Area che si occupa di divulgare informazioni e attivit\u00e0 del Movimento a livello internazionale, che mantiene, in caso di necessit\u00e0 Societ\u00e0 Sorelle. Pu\u00f2 organizzare missioni Umanitarie all\u2019estero nel rispetto del regolamento Nazionale e anche con il Coordinamento dell\u2019Ufficio Nazionale.<\/p><\/div><div class=\"viewLineBreak\"><\/div><h3 class=\"viewTitolo3\">RFL &#8211; Restoring Family Links<\/h3><div class=\"viewPar BLOBAlignJustify\"><p>\u00c8\u00a0dai tempi della Prima Guerra mondiale che Restoring Family Links \u00e8 una delle attivit\u00e0 tra le pi\u00f9 conosciute e apprezzate del Movimento di Croce Rossa e Mezzaluna Rossa.<\/p><p>Ora come allora, si occupa di ristabilire i legami familiari interrotti da conflitti armati, calamit\u00e0 naturali o come pi\u00f9 recentemente dalle migrazioni.<\/p><p>Le societ\u00e0 di Croce Rossa e Mezzaluna Rossa, avvalendosi della loro rete internazionale, aiutano le persone a ripristinare il contatto con i propri familiari e offrono assistenza e servizi per mantenerli e preservarli.<\/p><p>Informano e supportano inoltre le persone nel momento in cui apprendono le sorti dei loro familiari scomparsi (ad esempio nei sempre pi\u00f9 frequenti naufragi dei barconi).<\/p><\/div>\t\t\t\t\t\t\t\t<\/div>\n\t\t\t\t<\/div>\n\t\t\t\t\t<\/div>\n\t\t<\/div>\n\t\t\t\t\t<\/div>\n\t\t<\/section>\n\t\t\t\t<section class=\"elementor-section elementor-top-section elementor-element elementor-element-8e5ed7a elementor-section-boxed elementor-section-height-default elementor-section-height-default\" data-id=\"8e5ed7a\" data-element_type=\"section\" data-e-type=\"section\">\n\t\t\t\t\t\t<div class=\"elementor-container elementor-column-gap-default\">\n\t\t\t\t\t<div class=\"elementor-column elementor-col-100 elementor-top-column elementor-element elementor-element-365365a\" data-id=\"365365a\" data-element_type=\"column\" data-e-type=\"column\">\n\t\t\t<div class=\"elementor-widget-wrap elementor-element-populated\">\n\t\t\t\t\t\t<div class=\"elementor-element elementor-element-c427819 elementor-widget elementor-widget-spacer\" data-id=\"c427819\" data-element_type=\"widget\" data-e-type=\"widget\" data-widget_type=\"spacer.default\">\n\t\t\t\t<div class=\"elementor-widget-container\">\n\t\t\t\t\t\t\t<div class=\"elementor-spacer\">\n\t\t\t<div class=\"elementor-spacer-inner\"><\/div>\n\t\t<\/div>\n\t\t\t\t\t\t<\/div>\n\t\t\t\t<\/div>\n\t\t\t\t\t<\/div>\n\t\t<\/div>\n\t\t\t\t\t<\/div>\n\t\t<\/section>\n\t\t\t\t<section class=\"elementor-section elementor-top-section elementor-element elementor-element-94424d2 elementor-section-boxed elementor-section-height-default elementor-section-height-default\" data-id=\"94424d2\" data-element_type=\"section\" data-e-type=\"section\">\n\t\t\t\t\t\t<div class=\"elementor-container elementor-column-gap-default\">\n\t\t\t\t\t<div class=\"elementor-column elementor-col-100 elementor-top-column elementor-element elementor-element-cfba853\" data-id=\"cfba853\" data-element_type=\"column\" data-e-type=\"column\">\n\t\t\t<div class=\"elementor-widget-wrap elementor-element-populated\">\n\t\t\t\t\t\t<div class=\"elementor-element elementor-element-74f98ed elementor-widget elementor-widget-text-editor\" data-id=\"74f98ed\" data-element_type=\"widget\" data-e-type=\"widget\" data-widget_type=\"text-editor.default\">\n\t\t\t\t<div class=\"elementor-widget-container\">\n\t\t\t\t\t\t\t\t\t<h3 class=\"viewSotTitCell\" style=\"color: #555555;\"><strong>Delegato Principi,&nbsp;<acronym title=\"Diritto Internazionale Umanitario\">DIU e Cooperazione Internazionale<\/acronym><\/strong><\/h3>\n<p><\/p>\n<dl class=\"viewCaption\">\n<dt style=\"line-height: 1.42857;\"><strong class=\"userFormat1\">Michele Beretta<\/strong><\/dt>\n<dt style=\"line-height: 1.42857;\"><a href=\"mailto:mariagrazia.baccolo@trentino.cri.it\" style=\"background-color: rgb(255, 255, 255); font-weight: 300; transition-property: all;\">michele.beretta@trentino.cri.it<\/a><\/dt>\n<\/dl>\t\t\t\t\t\t\t\t<\/div>\n\t\t\t\t<\/div>\n\t\t\t\t\t<\/div>\n\t\t<\/div>\n\t\t\t\t\t<\/div>\n\t\t<\/section>\n\t\t\t\t<\/div>\n\t\t","protected":false},"excerpt":{"rendered":"<p>La C.R.I. condivide con gli altri membri del Movimento Internazionale il mandato istituzionale della disseminazione del Diritto Internazionale Umanitario, dei Principi Fondamentali e dei Valori Umanitari. La C.R.I., in quanto membro del Movimento Internazionale di Croce Rossa e Mezzaluna Rossa, gode del vantaggio comparativo di poter lavorare in rete con [&hellip;]<\/p>\n","protected":false},"author":66,"featured_media":2197,"parent":0,"menu_order":0,"comment_status":"closed","ping_status":"closed","template":"","meta":{"_themeisle_gutenberg_block_has_review":false,"footnotes":""},"categories":[],"tags":[],"class_list":["post-1090","page","type-page","status-publish","has-post-thumbnail","hentry"],"_links":{"self":[{"href":"https:\/\/cri.it\/trentino\/wp-json\/wp\/v2\/pages\/1090","targetHints":{"allow":["GET"]}}],"collection":[{"href":"https:\/\/cri.it\/trentino\/wp-json\/wp\/v2\/pages"}],"about":[{"href":"https:\/\/cri.it\/trentino\/wp-json\/wp\/v2\/types\/page"}],"author":[{"embeddable":true,"href":"https:\/\/cri.it\/trentino\/wp-json\/wp\/v2\/users\/66"}],"replies":[{"embeddable":true,"href":"https:\/\/cri.it\/trentino\/wp-json\/wp\/v2\/comments?post=1090"}],"version-history":[{"count":3,"href":"https:\/\/cri.it\/trentino\/wp-json\/wp\/v2\/pages\/1090\/revisions"}],"predecessor-version":[{"id":5221,"href":"https:\/\/cri.it\/trentino\/wp-json\/wp\/v2\/pages\/1090\/revisions\/5221"}],"wp:featuredmedia":[{"embeddable":true,"href":"https:\/\/cri.it\/trentino\/wp-json\/wp\/v2\/media\/2197"}],"wp:attachment":[{"href":"https:\/\/cri.it\/trentino\/wp-json\/wp\/v2\/media?parent=1090"}],"wp:term":[{"taxonomy":"category","embeddable":true,"href":"https:\/\/cri.it\/trentino\/wp-json\/wp\/v2\/categories?post=1090"},{"taxonomy":"post_tag","embeddable":true,"href":"https:\/\/cri.it\/trentino\/wp-json\/wp\/v2\/tags?post=1090"}],"curies":[{"name":"wp","href":"https:\/\/api.w.org\/{rel}","templated":true}]}}