{"id":1541,"date":"2021-10-07T00:56:10","date_gmt":"2021-10-06T22:56:10","guid":{"rendered":"https:\/\/cri.it\/toscananew\/?page_id=1541"},"modified":"2025-11-25T12:53:15","modified_gmt":"2025-11-25T11:53:15","slug":"ufficio-storico-regionale","status":"publish","type":"page","link":"https:\/\/cri.it\/toscana\/ufficio-storico-regionale\/","title":{"rendered":"Ufficio Storico Regionale"},"content":{"rendered":"\t\t<div data-elementor-type=\"wp-page\" data-elementor-id=\"1541\" class=\"elementor elementor-1541\">\n\t\t\t\t\t\t<section class=\"elementor-section elementor-top-section elementor-element elementor-element-c32a93d elementor-section-boxed elementor-section-height-default elementor-section-height-default\" data-id=\"c32a93d\" data-element_type=\"section\" data-e-type=\"section\">\n\t\t\t\t\t\t<div class=\"elementor-container elementor-column-gap-default\">\n\t\t\t\t\t<div class=\"elementor-column elementor-col-100 elementor-top-column elementor-element elementor-element-7fc97bc\" data-id=\"7fc97bc\" data-element_type=\"column\" data-e-type=\"column\">\n\t\t\t<div class=\"elementor-widget-wrap elementor-element-populated\">\n\t\t\t\t\t\t<div class=\"elementor-element elementor-element-4b6aa3e elementor-widget elementor-widget-heading\" data-id=\"4b6aa3e\" data-element_type=\"widget\" data-e-type=\"widget\" data-widget_type=\"heading.default\">\n\t\t\t\t<div class=\"elementor-widget-container\">\n\t\t\t\t\t<h2 class=\"elementor-heading-title elementor-size-default\">L'Ufficio storico regionale<\/h2>\t\t\t\t<\/div>\n\t\t\t\t<\/div>\n\t\t\t\t\t<\/div>\n\t\t<\/div>\n\t\t\t\t\t<\/div>\n\t\t<\/section>\n\t\t\t\t<section class=\"elementor-section elementor-top-section elementor-element elementor-element-7aa6bdf elementor-section-boxed elementor-section-height-default elementor-section-height-default\" data-id=\"7aa6bdf\" data-element_type=\"section\" data-e-type=\"section\">\n\t\t\t\t\t\t<div class=\"elementor-container elementor-column-gap-default\">\n\t\t\t\t\t<div class=\"elementor-column elementor-col-100 elementor-top-column elementor-element elementor-element-bface79\" data-id=\"bface79\" data-element_type=\"column\" data-e-type=\"column\">\n\t\t\t<div class=\"elementor-widget-wrap elementor-element-populated\">\n\t\t\t\t\t\t<div class=\"elementor-element elementor-element-12e657a elementor-widget__width-initial elementor-widget elementor-widget-text-editor\" data-id=\"12e657a\" data-element_type=\"widget\" data-e-type=\"widget\" data-widget_type=\"text-editor.default\">\n\t\t\t\t<div class=\"elementor-widget-container\">\n\t\t\t\t\t\t\t\t\t<div><\/div><p data-start=\"312\" data-end=\"662\"><img decoding=\"async\" src=\"https:\/\/cri.it\/toscana\/wp-content\/uploads\/sites\/18\/2025\/11\/Senza-titolo1.png\" alt=\"\" width=\"234\" height=\"204\" data-warning=\"Missing alt text\" class=\"alignleft\" \/>L\u2019Ufficio Storico Regionale \u00e8 stato costituito il 13 novembre 2002, su proposta del prof. Paolo Vanni, dall\u2019allora Commissario Regionale, dott. Francesco Caponi, che accolse il suggerimento di organizzare e valorizzare il grande patrimonio storico della Croce Rossa Italiana. Il Prof. Vanni ne \u00e8 stato il Direttore dell\u2019Ufficio fino al 2018, anno della sua morte.<\/p><p data-start=\"312\" data-end=\"662\">Attualmente il Coordinatore dell\u2019Ufficio \u00e8 il Colonnello com. CRI (c.a.) Riccardo Romeo Jasinski, ne sono membri il Prof. Fabio Bertini, la Dr.ssa Raimonda Ottaviani, il Dr. Duccio Vanni, il Magg. com. CRI Riccardo Toti, la Sorella Maria Enrica Monaco e la Sig.ra Maria Rita Bosi Vanni.\u00a0<\/p><p data-start=\"312\" data-end=\"662\">Ha come compito principale la conservazione, la scrittura e la divulgazione della storia della Croce Rossa.\u00a0<\/p><p data-start=\"312\" data-end=\"662\"><img decoding=\"async\" src=\"https:\/\/cri.it\/toscana\/wp-content\/uploads\/sites\/18\/2025\/11\/Senza-titolo.png\" alt=\"\" width=\"185\" height=\"263\" data-warning=\"Missing alt text\" class=\"alignright\" \/>Dalla sua costituzione, l\u2019Ufficio ha pubblicato su riviste nazionali ed internazionali centinaia di articoli sulla storia o su personaggi di Croce Rossa e numerosi testi, contribuendo, inoltre, alla redazione di alcuni libri. L\u2019Ufficio pubblica una sua collana di Storia della Croce Rossa, i <b>Quaderni H. Dunant<\/b> (Ed. Tassinari Firenze), inoltre collabora con la Franco Angeli Editore che ha realizzato una sezione dedicata alla Storia della Croce Rossa sotto la direzione dei professori Paolo Vanni e C. Cipolla che continua questo impegno con i suoi collaboratori.<\/p><p data-start=\"312\" data-end=\"662\">L\u2019Ufficio Storico Regionale ha organizzato, in collaborazione con l\u2019Universit\u00e0 di Firenze, con la Societ\u00e0 Italiana di Storia della Medicina (SISM) e con quella Internazionale (IHSM), numerosi congressi nazionali e\/o internazionali sempre con sezione di Storia della Croce Rossa o dedicati interamente alla Storia della Croce Rossa, a cui il Prof. Vanni ha sempre partecipato come Presidente ed a cui sono intervenuti numerosi membri della C.R.I. come relatori ufficiali.<\/p><p data-start=\"312\" data-end=\"662\">Tra i volumi pubblicati vedi sotto \u201cIl Terzo combattente\u201d, un magnifico diario di un Delegato Internazionale di Croce Rossa.<\/p><p data-start=\"312\" data-end=\"662\">L\u2019elenco completo delle pubblicazioni appare a parte su questo sito.<\/p><p data-start=\"312\" data-end=\"662\"><\/p><p data-start=\"312\" data-end=\"662\"><img decoding=\"async\" src=\"https:\/\/cri.it\/toscana\/wp-content\/uploads\/sites\/18\/2025\/11\/Senza-titolo3.png\" alt=\"\" width=\"180\" height=\"263\" data-warning=\"Missing alt text\" class=\"alignleft\" \/>\u00c8 uscita, sempre a cura dell\u2019Ufficio Storico, la versione italiana del testo di Storia del CICR (seconda parte) <b>\u201cDa Sarajevo a Hiroshima\u201d,<\/b> che narra la Storia dell\u2019attivit\u00e0 e delle vicende umanitarie di soccorso dell\u2019Istituzione ginevrina della Croce Rossa Internazionale dalla Prima alla Seconda Guerra mondiale. L\u2019autore \u00e8 Andr\u00e9 Durand (1912-2008), Delegato internazionale e Storico di Croce Rossa.<\/p><p data-start=\"312\" data-end=\"662\">I curatori del testo italiano sono Elio Distante, Raimonda Ottaviani e Paolo Vanni (Tassinari Editore, Firenze).<\/p><p data-start=\"312\" data-end=\"662\"><\/p><p data-start=\"312\" data-end=\"662\">Oltre ad organizzare e partecipare in tutta Italia a seminari, conferenze e tavole rotonde sulla storia della CR, collabora con il mondo accademico seguendo la redazione di tesi di Laurea specifiche, in particolare presso l\u2019Universit\u00e0 degli Studi di Firenze dove la Storia della Croce Rossa \u00e8 inserita in tutti i corsi di Storia della Medicina.\u00a0<\/p><p data-start=\"312\" data-end=\"662\">Inoltre, in collaborazione con la Societ\u00e0 Italiana di Storia della Medicina (SISM), ha ideato e realizzato i Corsi di Storia della Croce Rossa e della Medicina per il conseguimento, dopo esame finale, del diploma di CISCRI (Cultore Italiano di Storia della Croce Rossa Internazionale) attualmente denominato Divulgatore di Storia CR. Il diploma, riconosciuto anche dal SISM (Societ\u00e0 Italiana di Storia della Medicina), d\u00e0 titolo a svolgere lezioni sulla Storia della Croce Rossa. Il Corso, sperimentale nelle sue due prime edizioni, \u00e8 stato riconosciuto ufficialmente prima con disposizione presidenziale e poi, nel giugno del 2007, approvato definitivamente dal Comitato Centrale diventando cos\u00ec anch\u2019esso un\u2019attivit\u00e0 formativa della Croce Rossa Italiana.<\/p><p data-start=\"312\" data-end=\"662\">Nel 2025, il XIX Corso per Divulgatori di Storia della Croce Rossa (DSTO) si \u00e8 svolto a Roma.<\/p><p data-start=\"312\" data-end=\"662\">L\u2019Ufficio ha favorito la diffusione dell\u2019attivit\u00e0 in tutta Italia e cos\u00ec sono stati creati altri Uffici Storici a Trieste, in Calabria, a Genova, in Puglia, a Brescia, a Bergamo, a Firenze, ad Aprilia, a Roma ed in numerose altre citt\u00e0 e regioni. Sono stati riscoperti, inoltre, tutti gli archivi storici della CRI: in particolare l\u2019Archivio Storico di Roma \u00e8 stato finalmente recuperato pienamente e valorizzato.\u00a0<\/p><p data-start=\"312\" data-end=\"662\">Nell\u2019aprile 2006, in riconoscenza per tutto il lavoro svolto, il Presidente della Croce Rossa Italiana, dott. Massimo Barra ed il Consiglio Direttivo Nazionale, all\u2019unanimit\u00e0, hanno nominato il Prof. Paolo Vanni Delegato Nazionale per la ricerca, l\u2019informazione e l\u2019insegnamento sui temi della Storia della Croce Rossa con la seguente motivazione: \u201cQuesta nomina \u00e8 frutto non solo del suo grande impegno in Croce Rossa ma anche della sua grande competenza sui temi della Croce Rossa\u201d.<\/p><p data-start=\"312\" data-end=\"662\">Oggi nell\u2019ambito della Croce Rossa Italiana \u00e8 presente un Comitato Scientifico ed una Commissione didattica di storia della CR, che continuano l\u2019opera intrapresa dal compianto Prof. Vanni.<\/p><div><\/div><p><\/p><p data-start=\"1065\" data-end=\"1629\"><\/p><p><\/p><p data-start=\"2273\" data-end=\"2791\"><\/p>\t\t\t\t\t\t\t\t<\/div>\n\t\t\t\t<\/div>\n\t\t\t\t\t<\/div>\n\t\t<\/div>\n\t\t\t\t\t<\/div>\n\t\t<\/section>\n\t\t\t\t<section class=\"elementor-section elementor-top-section elementor-element elementor-element-d75185d elementor-section-boxed elementor-section-height-default elementor-section-height-default\" data-id=\"d75185d\" data-element_type=\"section\" data-e-type=\"section\">\n\t\t\t\t\t\t<div class=\"elementor-container elementor-column-gap-default\">\n\t\t\t\t\t<div class=\"elementor-column elementor-col-100 elementor-top-column elementor-element elementor-element-7173f1f\" data-id=\"7173f1f\" data-element_type=\"column\" data-e-type=\"column\">\n\t\t\t<div class=\"elementor-widget-wrap elementor-element-populated\">\n\t\t\t\t\t\t<div class=\"elementor-element elementor-element-5aa7edf elementor-widget elementor-widget-text-editor\" data-id=\"5aa7edf\" data-element_type=\"widget\" data-e-type=\"widget\" data-widget_type=\"text-editor.default\">\n\t\t\t\t<div class=\"elementor-widget-container\">\n\t\t\t\t\t\t\t\t\t<div class=\"wp-block-image\"><\/div><h5 data-start=\"142\" data-end=\"399\"><strong>IN RICORDO DEL PROF. PAOLO VANNI<\/strong><\/h5><div class=\"wp-block-image\"><img loading=\"lazy\" decoding=\"async\" src=\"https:\/\/cri.it\/toscana\/wp-content\/uploads\/sites\/18\/2025\/11\/Terrain-2019-Paolo-Vanni.jpg\" alt=\"\" width=\"221\" height=\"336\" data-warning=\"Missing alt text\" class=\"wpa-warning wpa-image-missing-alt wp-image-8232 alignleft\" \/><\/div><p data-start=\"142\" data-end=\"399\">ll prof. Paolo Vanni si \u00e8 spento serenamente il 29 ottobre 2018 alle ore 12,15. Era nato a\u00a0 Firenze il 23 luglio del 1940. Era professore emerito di \u201cChimica e propedeutica biochimica\u201d e direttore dell\u2019Ufficio storico di Croce Rossa da lui fondato nel 2002.\u00a0<\/p><p data-start=\"142\" data-end=\"399\"><\/p><p data-start=\"142\" data-end=\"399\">Personaggio estroso, facile all\u2019entusiasmo nei confronti di ogni attivit\u00e0 creativa e umanitaria che la vita gli prospettava, dalle esperienze di ricerca scientifica e culturale alle attivit\u00e0 di teatro e sportive, dotato di notevoli capacit\u00e0 organizzative aggreganti, si \u00e8 dedicato a svariate attivit\u00e0 in campi diversi accomunati per\u00f2 da una volont\u00e0 propedeutica all\u2019insegnamento, al progresso, ai sentimenti di umanit\u00e0 e di collaborazione reciproca.<\/p><p data-start=\"142\" data-end=\"399\">Professore ordinario di chimica e propedeutica biochimica, presso l\u2019ateneo di Firenze, ha effettuato studi su numerose tecniche di dosaggio di enzimi e proteine, sull\u2019enzimologia biochimica spaziale e soprattutto si \u00e8 dedicato a ricerche sulla Storia della medicina.<\/p><p data-start=\"142\" data-end=\"399\"><\/p><p data-start=\"142\" data-end=\"399\"><b>Rimangono oltre 350 sue pubblicazioni.<\/b><\/p><p data-start=\"142\" data-end=\"399\">Nell\u2019anno accademico 1972-73 consegu\u00ec il premio di operosit\u00e0 scientifica presso la Facolt\u00e0 di medicina e Chirurgia dell\u2019Universit\u00e0 di Firenze. Prima \u201cgast professor\u201d (1974) presso il Laboratorium fur Biochemie del Politecnico di Zurigo e in seguito vincitore di una borsa di studio offerta dallo stesso Politecnico per l\u2019anno accademico 1977-78. In questo periodo, individu\u00f2 e caratterizz\u00f2 per la prima volta il carrier della vitamina C.<\/p><p data-start=\"142\" data-end=\"399\">Vincitore di una borsa Fulbright, fu \u201cvisiting professor\u201d presso la Washington State University (Pulman, U.S.) nell\u2019anno accademico 1987-88.<\/p><p data-start=\"142\" data-end=\"399\">Nell\u2019ottobre-novembre 2001 \u00e8 stato visiting professor, finanziato dall\u2019Ambasciata canadese e dalla Societ\u00e0 Italiana di Biochimica, presso l\u2019Istituto di storia della Medicina, diretto dal prof. E. Shorter, dell\u2019Universit\u00e0 di Toronto \u2013 Canada, per condurre studi su Henry Dunant e Norman Bethune. Nel 2001, il\u00a0 Prof. Vanni aveva gi\u00e0 pubblicato per la societ\u00e0 editrice Idelson Gnocchi il testo delle \u201cMemorie\u201d di H. Dunant, fondatore della Croce Rossa e primo premio Nobel per la pace (gi\u00e0 alla 2\u00b0edizione).<\/p><p data-start=\"142\" data-end=\"399\">Negli anni 1990-93 fu membro onorario dell\u2019Editorial Board della rivista internazionale \u201cComparative Biochemistry and Physiology\u201d.<\/p><p data-start=\"142\" data-end=\"399\">Dal 1995 al 2011 ebbe l\u2019incarico dell\u2019insegnamento per la Storia della Medicina del corso di laurea in Medicina e dei diplomi universitari di Firenze, Prato, Empoli e Pistoia. \u00c8 stato membro e consigliere del direttivo nazionale della Societ\u00e0 Italiana di Storia della Medicina.<\/p><p data-start=\"142\" data-end=\"399\">\u00c8 stato consigliere dell\u2019Associazione Nazionale della Sanit\u00e0 Militare Italiana. Nominato Accademico dell\u2019Accademia dell\u2019Arte Sanitaria di Roma, fu inoltre uno dei cinque membri della Societ\u00e0 Filoiatrica Fiorentina.<\/p><p data-start=\"142\" data-end=\"399\"><\/p><p data-start=\"142\" data-end=\"399\">Appassionato della figura di Henry Dunant, organizz\u00f2 numerose conferenze e seminari sul fondatore della Croce Rossa, sulla storia della Croce Rossa e sulla storia della Sanit\u00e0 militare.<\/p><p data-start=\"142\" data-end=\"399\">Svolse il ruolo di presidente del 1\u00b0 Convegno Nazionale di Storia della Sanit\u00e0 Militare, 8-9 novembre 2003 a Firenze, con sezioni di Storia della Croce Rossa. Il congresso ebbe l\u2019Alto Patronato del Presidente di allora Carlo Azeglio Ciampi. Fu ancora presidente del 1\u00b0 Convegno di \u201cStoria della CRI e della Medicina in Maremma\u201d Grosseto 2004. Ancora presidente, del Convegno CRI a Sabaudia, 10-12 dicembre 2004, per il 70\u00b0 anniversario della costituzione del Comitato di Latina.\u00a0<\/p><p data-start=\"142\" data-end=\"399\">Fu coordinatore ed organizzatore del 44\u00b0 Congresso Nazionale della Societ\u00e0 Italiana di Storia della Medicina, 20-23 ottobre 2005 a Solferino, con sezione di Croce Rossa, al quale intervenne l\u2019allora Presidente della CRI, dott. Massimo Barra.<\/p><p data-start=\"142\" data-end=\"399\">Nell\u2019aprile del 2006, il prof. Vanni fu nominato all\u2019unanimit\u00e0 dal Comitato Centrale della Croce Rossa Italiana Delegato Nazionale per la Storia della Croce Rossa. Nell\u2019autunno del 2006, il Magnifico Rettore dell\u2019Universit\u00e0 di Firenze lo nomin\u00f2 suo delegato per i rapporti con le Forze Armate e con la Croce Rossa Italiana. Fu insignito della medaglia d\u2019argento al merito della C.R.I.<\/p><p data-start=\"142\" data-end=\"399\">Iniziatore e organizzatore dei corsi di \u00abStoria della Croce Rossa e di Storia della Medicina, vantava nel 2016 gi\u00e0 il suo tredicesimo successo. Per le sue attivit\u00e0 di Croce Rossa \u00e8 stato di recente insignito del premio Henry Dunant dall\u2019omonimo Istituto ginevrino.\u00a0<\/p><p data-start=\"142\" data-end=\"399\">Il 17 giugno del 2019 la moglie Sig.ra Maria Rita Bosi Vanni ha ricevuto dalle mani del Presidente Nazionale CRI, Avv. Francesco Rocca, la Medaglia al merito CRI \u201calla memoria\u201d al Prof. Paolo Vanni con la seguente motivazione:<\/p><p data-start=\"142\" data-end=\"399\">\u201cIn segno di tangibile riconoscimento per l\u2019opera svolta in favore della Croce Rossa Italiana, quale ideatore e convinto sostenitore della disciplina di studio della storia dell\u2019Associazione. Fulgido esempio di amore per il Movimento e per le sue finalit\u00e0 umanitarie, \u00e8 riuscito ad appassionare migliaia di volontari ad una sempre pi\u00f9 convinta e precisa ricerca in campo storico finalizzata a riscoprire ed onorare le radici dell\u2019idea di umanit\u00e0 nata nei campi di battaglia di Solferino e negli ospedali organizzati a Castiglione delle Stiviere.\u201d<\/p><p data-start=\"142\" data-end=\"399\"><img loading=\"lazy\" decoding=\"async\" src=\"https:\/\/cri.it\/toscana\/wp-content\/uploads\/sites\/18\/2025\/11\/Senza-titolo-1.png\" alt=\"\" width=\"202\" height=\"266\" data-warning=\"Missing alt text\" class=\"wpa-warning wpa-image-missing-alt wp-image-8260 alignleft\" \/><\/p><p data-start=\"142\" data-end=\"399\">Queste notizie elencate riguardano solo una parte delle attivit\u00e0 svolte e dei riconoscimenti ricevuti. In breve, a parte la sua attivit\u00e0 universitaria, fu soprattutto un pioniere in due campi che am\u00f2 moltissimo e che, con le sue capacit\u00e0 ed impegno, ampli\u00f2 e arricch\u00ec: il campo della Storia della medicina e lo studio della Storia della Croce Rossa.<\/p><p data-start=\"142\" data-end=\"399\">La sua eredit\u00e0 \u00e8 grandissima, un\u2019eredit\u00e0 spirituale, fatta di cultura come testimoniano le sue numerose pubblicazioni, di umanit\u00e0, di simpatia, serenit\u00e0 e generosit\u00e0. Fu infatti un maestro, con discrezione consigliava, aiutava, fu un organizzatore che chiedeva ad ognuno una partecipazione volontaria sempre per\u00f2 ricompensata con un sorriso e un atto di gratitudine o di stima, un uomo buono che ha lasciato anche in noi, nel nostro gruppo di lavoro un vuoto incolmabile.<\/p><p data-start=\"142\" data-end=\"399\"><\/p><p data-start=\"142\" data-end=\"399\"><\/p>\t\t\t\t\t\t\t\t<\/div>\n\t\t\t\t<\/div>\n\t\t\t\t\t<\/div>\n\t\t<\/div>\n\t\t\t\t\t<\/div>\n\t\t<\/section>\n\t\t\t\t<section class=\"elementor-section elementor-top-section elementor-element elementor-element-5dc90f5 elementor-section-boxed elementor-section-height-default elementor-section-height-default\" data-id=\"5dc90f5\" data-element_type=\"section\" data-e-type=\"section\">\n\t\t\t\t\t\t<div class=\"elementor-container elementor-column-gap-default\">\n\t\t\t\t\t<div class=\"elementor-column elementor-col-100 elementor-top-column elementor-element elementor-element-7311673\" data-id=\"7311673\" data-element_type=\"column\" data-e-type=\"column\">\n\t\t\t<div class=\"elementor-widget-wrap elementor-element-populated\">\n\t\t\t\t\t\t<div class=\"elementor-element elementor-element-aedfd30 elementor-widget-divider--view-line elementor-widget elementor-widget-divider\" data-id=\"aedfd30\" data-element_type=\"widget\" data-e-type=\"widget\" data-widget_type=\"divider.default\">\n\t\t\t\t<div class=\"elementor-widget-container\">\n\t\t\t\t\t\t\t<div class=\"elementor-divider\">\n\t\t\t<span class=\"elementor-divider-separator\">\n\t\t\t\t\t\t<\/span>\n\t\t<\/div>\n\t\t\t\t\t\t<\/div>\n\t\t\t\t<\/div>\n\t\t\t\t\t<\/div>\n\t\t<\/div>\n\t\t\t\t\t<\/div>\n\t\t<\/section>\n\t\t\t\t<section class=\"elementor-section elementor-top-section elementor-element elementor-element-1f97bf7 elementor-section-boxed elementor-section-height-default elementor-section-height-default\" data-id=\"1f97bf7\" data-element_type=\"section\" data-e-type=\"section\">\n\t\t\t\t\t\t<div class=\"elementor-container elementor-column-gap-default\">\n\t\t\t\t\t<div class=\"elementor-column elementor-col-100 elementor-top-column elementor-element elementor-element-9c491ac\" data-id=\"9c491ac\" data-element_type=\"column\" data-e-type=\"column\">\n\t\t\t<div class=\"elementor-widget-wrap elementor-element-populated\">\n\t\t\t\t\t\t<div class=\"elementor-element elementor-element-2aa4b75 elementor-widget elementor-widget-heading\" data-id=\"2aa4b75\" data-element_type=\"widget\" data-e-type=\"widget\" data-widget_type=\"heading.default\">\n\t\t\t\t<div class=\"elementor-widget-container\">\n\t\t\t\t\t<h2 class=\"elementor-heading-title elementor-size-large\"><a href=\"https:\/\/cri.it\/toscana\/pubblicazioni\">TUTTE le pubblicazioni<\/a><\/h2>\t\t\t\t<\/div>\n\t\t\t\t<\/div>\n\t\t\t\t\t<\/div>\n\t\t<\/div>\n\t\t\t\t\t<\/div>\n\t\t<\/section>\n\t\t\t\t<\/div>\n\t\t","protected":false},"excerpt":{"rendered":"<p>L&#8217;Ufficio storico regionale L\u2019Ufficio Storico Regionale \u00e8 stato costituito il 13 novembre 2002, su proposta del prof. Paolo Vanni, dall\u2019allora Commissario Regionale, dott. Francesco Caponi, che accolse il suggerimento di organizzare e valorizzare il grande patrimonio storico della Croce Rossa Italiana. Il Prof. Vanni ne \u00e8 stato il Direttore dell\u2019Ufficio [&hellip;]<\/p>\n","protected":false},"author":106,"featured_media":962,"parent":0,"menu_order":0,"comment_status":"closed","ping_status":"closed","template":"","meta":{"_themeisle_gutenberg_block_has_review":false,"footnotes":""},"categories":[],"tags":[],"class_list":["post-1541","page","type-page","status-publish","has-post-thumbnail","hentry"],"_links":{"self":[{"href":"https:\/\/cri.it\/toscana\/wp-json\/wp\/v2\/pages\/1541","targetHints":{"allow":["GET"]}}],"collection":[{"href":"https:\/\/cri.it\/toscana\/wp-json\/wp\/v2\/pages"}],"about":[{"href":"https:\/\/cri.it\/toscana\/wp-json\/wp\/v2\/types\/page"}],"author":[{"embeddable":true,"href":"https:\/\/cri.it\/toscana\/wp-json\/wp\/v2\/users\/106"}],"replies":[{"embeddable":true,"href":"https:\/\/cri.it\/toscana\/wp-json\/wp\/v2\/comments?post=1541"}],"version-history":[{"count":3,"href":"https:\/\/cri.it\/toscana\/wp-json\/wp\/v2\/pages\/1541\/revisions"}],"predecessor-version":[{"id":8316,"href":"https:\/\/cri.it\/toscana\/wp-json\/wp\/v2\/pages\/1541\/revisions\/8316"}],"wp:featuredmedia":[{"embeddable":true,"href":"https:\/\/cri.it\/toscana\/wp-json\/wp\/v2\/media\/962"}],"wp:attachment":[{"href":"https:\/\/cri.it\/toscana\/wp-json\/wp\/v2\/media?parent=1541"}],"wp:term":[{"taxonomy":"category","embeddable":true,"href":"https:\/\/cri.it\/toscana\/wp-json\/wp\/v2\/categories?post=1541"},{"taxonomy":"post_tag","embeddable":true,"href":"https:\/\/cri.it\/toscana\/wp-json\/wp\/v2\/tags?post=1541"}],"curies":[{"name":"wp","href":"https:\/\/api.w.org\/{rel}","templated":true}]}}