{"id":8387,"date":"2023-10-11T18:35:56","date_gmt":"2023-10-11T16:35:56","guid":{"rendered":"https:\/\/cri.it\/sicilia\/?page_id=8387"},"modified":"2023-10-11T18:42:38","modified_gmt":"2023-10-11T16:42:38","slug":"tracing-bus-liniziativa-cri-per-il-ricongiungimento-familiare-dei-rifugiati","status":"publish","type":"page","link":"https:\/\/cri.it\/sicilia\/progetti\/tracing-bus-liniziativa-cri-per-il-ricongiungimento-familiare-dei-rifugiati\/","title":{"rendered":"Tracing Bus &#8211; l\u2019iniziativa CRI per il ricongiungimento familiare dei rifugiati"},"content":{"rendered":"<p>Nel corso del 2017 la Croce Rossa Italiana ha portato avanti l\u2019iniziativa \u2018Tracing Bus\u2019, allo scopo di fornire un servizio di contatto telefonico assistito a richiedenti asilo e immigrati. Si \u00e8 trattato, nello specifico, di consentire il collegamento con familiari di cui si erano perse le tracce durante le lunghe e faticose rotte migratorie.<\/p>\n<p>Il Tracing Bus \u00e8 rientrato nella pi\u00f9 ampia attivit\u00e0 CRI denominata \u2018Restoring\u00a0 Family Links\u2019 e rivolta appunto a supportare migranti e richiedenti asilo a riconnettersi con la loro parentela seppur essa si trovi in altre parti del mondo. Una semplice telefonata di tre minuti, avvenuta per il tramite di volontari CRI, si \u00e8 infatti rivelata di fondamentale importanza per tutte quelle persone che avevano perso la speranza di ricucire il proprio tessuto familiare. Calamit\u00e0 naturali, guerre e povert\u00e0 estrema spingono ogni anno migliaia di persone ad abbandonare il proprio paese e i propri cari, in cerca di una prospettiva di vita migliore.<\/p>\n<p>Croce Rossa e Mezzaluna Rossa sono da sempre impegnate nel ripristino dei legami familiari tramite la forte rete internazionale di cui dispongono. Su iniziativa della CRI olandese, il servizio Tracing Bus si \u00e8 diffuso anche in Italia, ricoprendo un totale di 17 tappe in poco pi\u00f9 di 20 giorni, e conteggiando nel complesso un migliaio di telefonate di cui oltre la met\u00e0 andate a buon fine. Le tappe siciliane del 2017 sono state Palermo, Messina, Catania, Siracusa, Pozzallo e Trapani, interessando principalmente le aree destinate agli hotspot.<\/p>\n<p><img fetchpriority=\"high\" decoding=\"async\" src=\"https:\/\/cri.it\/sicilia\/wp-content\/uploads\/sites\/17\/2023\/10\/Restoring-Family-Links-1024x683.jpeg\" alt=\"\" width=\"1024\" height=\"683\" class=\"aligncenter wp-image-8394 size-large\" srcset=\"https:\/\/cri.it\/sicilia\/wp-content\/uploads\/sites\/17\/2023\/10\/Restoring-Family-Links-1024x683.jpeg 1024w, https:\/\/cri.it\/sicilia\/wp-content\/uploads\/sites\/17\/2023\/10\/Restoring-Family-Links-300x200.jpeg 300w, https:\/\/cri.it\/sicilia\/wp-content\/uploads\/sites\/17\/2023\/10\/Restoring-Family-Links-768x512.jpeg 768w, https:\/\/cri.it\/sicilia\/wp-content\/uploads\/sites\/17\/2023\/10\/Restoring-Family-Links-1536x1024.jpeg 1536w, https:\/\/cri.it\/sicilia\/wp-content\/uploads\/sites\/17\/2023\/10\/Restoring-Family-Links-1280x853.jpeg 1280w, https:\/\/cri.it\/sicilia\/wp-content\/uploads\/sites\/17\/2023\/10\/Restoring-Family-Links-360x240.jpeg 360w, https:\/\/cri.it\/sicilia\/wp-content\/uploads\/sites\/17\/2023\/10\/Restoring-Family-Links.jpeg 2048w\" sizes=\"(max-width: 1024px) 100vw, 1024px\" \/><\/p>\n","protected":false},"excerpt":{"rendered":"<p>Nel corso del 2017 la Croce Rossa Italiana ha portato avanti l\u2019iniziativa \u2018Tracing Bus\u2019, allo scopo di fornire un servizio di contatto telefonico assistito a richiedenti asilo e immigrati. Si \u00e8 trattato, nello specifico, di consentire il collegamento con familiari di cui si erano perse le tracce durante le lunghe [&hellip;]<\/p>\n","protected":false},"author":65,"featured_media":8394,"parent":7847,"menu_order":0,"comment_status":"closed","ping_status":"closed","template":"","meta":{"_themeisle_gutenberg_block_has_review":false,"footnotes":""},"categories":[3],"tags":[46,54],"class_list":["post-8387","page","type-page","status-publish","has-post-thumbnail","hentry","category-comitato-sicilia","tag-progetti","tag-progetticrisicilia"],"_links":{"self":[{"href":"https:\/\/cri.it\/sicilia\/wp-json\/wp\/v2\/pages\/8387","targetHints":{"allow":["GET"]}}],"collection":[{"href":"https:\/\/cri.it\/sicilia\/wp-json\/wp\/v2\/pages"}],"about":[{"href":"https:\/\/cri.it\/sicilia\/wp-json\/wp\/v2\/types\/page"}],"author":[{"embeddable":true,"href":"https:\/\/cri.it\/sicilia\/wp-json\/wp\/v2\/users\/65"}],"replies":[{"embeddable":true,"href":"https:\/\/cri.it\/sicilia\/wp-json\/wp\/v2\/comments?post=8387"}],"version-history":[{"count":3,"href":"https:\/\/cri.it\/sicilia\/wp-json\/wp\/v2\/pages\/8387\/revisions"}],"predecessor-version":[{"id":8396,"href":"https:\/\/cri.it\/sicilia\/wp-json\/wp\/v2\/pages\/8387\/revisions\/8396"}],"up":[{"embeddable":true,"href":"https:\/\/cri.it\/sicilia\/wp-json\/wp\/v2\/pages\/7847"}],"wp:featuredmedia":[{"embeddable":true,"href":"https:\/\/cri.it\/sicilia\/wp-json\/wp\/v2\/media\/8394"}],"wp:attachment":[{"href":"https:\/\/cri.it\/sicilia\/wp-json\/wp\/v2\/media?parent=8387"}],"wp:term":[{"taxonomy":"category","embeddable":true,"href":"https:\/\/cri.it\/sicilia\/wp-json\/wp\/v2\/categories?post=8387"},{"taxonomy":"post_tag","embeddable":true,"href":"https:\/\/cri.it\/sicilia\/wp-json\/wp\/v2\/tags?post=8387"}],"curies":[{"name":"wp","href":"https:\/\/api.w.org\/{rel}","templated":true}]}}