{"id":7876,"date":"2022-11-22T22:22:47","date_gmt":"2022-11-22T21:22:47","guid":{"rendered":"https:\/\/cri.it\/sicilia\/?page_id=7876"},"modified":"2022-11-22T22:42:40","modified_gmt":"2022-11-22T21:42:40","slug":"puntobabycri","status":"publish","type":"page","link":"https:\/\/cri.it\/sicilia\/puntobabycri\/","title":{"rendered":"Punto BabyCRI"},"content":{"rendered":"<p>La Strategia 2020 della Federazione Internazionale delle Societ\u00e0 di Croce Rossa e Mezzaluna Rossa ha inteso \u201crafforzare la capacit\u00e0 della persone e delle comunit\u00e0 di lavorare in un clima di solidariet\u00e0, per trovare soluzioni sostenibili alle proprie necessit\u00e0 e agli elementi di vulnerabilit\u00e0 pi\u00f9 pressanti\u201d.<br \/>\nIn particolare, nell&#8217;ambito dell&#8217;obiettivo strategico 2 &#8220;Promuovere uno stile di vita sano e sicuro&#8221; si inseriscono &#8220;l&#8217;adozione di misure sociali, comportamentali e ambientali che determinino un buono stato di salute&#8221;.<\/p>\n<p>La Croce Rossa Italiana \u00e8 impegnata da diversi anni in campagne volte a promuovere stili di vita sani e sicuri, anche a supporto dei genitori nelle prime fasi di vita del bambino.<\/p>\n<h5>Ambiti di intervento<\/h5>\n<p>Il PuntoBabyCRI viene allestito in occasione di grandi eventi che interessano le nostre comunit\u00e0 e tutti i suoi abitanti (feste religiose, eventi sportivi, sagre, manifestazioni cittadine, concerti, ecc) e in cui si prevede la partecipazione di ampie fasce di popolazione. Gli ambiti di intervento in cui collocare PuntoBabyCRI sono\u00a0 quelli in cui si forniscono i consueti servizi per la popolazione della CRI,\u00a0 dalle attivit\u00e0 sanitarie\u00a0 o semplicemente di promozione delle attivit\u00e0 dell&#8217;Associazione.<\/p>\n<h5>Obiettivi<\/h5>\n<p>Il progetto si pone di:<\/p>\n<ol>\n<li>promuovere e sostenere la genitorialit\u00e0 in particolare nella cura, nutrizione e igiene personale del neonato\/bambino in luoghi pubblici e in occasione di eventi di massa;<\/li>\n<li>facilitare le condizioni in spazi pubblici in cui \u00e8 possibile allattare al seno attraverso azioni che mirino a supportare le donne anche a livello logistico, materiali, sociale;<\/li>\n<li>creare momenti di diffusione di corrette informazione sulla genitorialit\u00e0, anche per la promozione di percorso integrato (sanitario, psicologico, socio-culturale) per il sostegno della maternit\u00e0 e paternit\u00e0.<\/li>\n<\/ol>\n<h5>Destinatari<\/h5>\n<p>Il servizio si rivolge a tutti i genitori e a coloro che si prendono cura di neonati\/bambini che necessitano di uno spazio dedicato alla nutrizione e igiene personale. In particolare :<\/p>\n<p>&#8211; per tutte le madri che allattano al seno sar\u00e0 dedicata un&#8217;area riservata in cui ogni donna avr\u00e0 l&#8217;opportunit\u00e0 di avere un momento di sosta, ma anche di intimit\u00e0 con il proprio figlio;<\/p>\n<p>&#8211; per tutti i genitori (o in generale i caregivers)\u00a0 sar\u00e0 dedicata un&#8217;area per il momento della &#8220;pappa&#8221; o per il &#8220;cambio-pannolino&#8221; per garantire uno spazio dedicato ove trovare anche gli strumenti e gli accessori utili a queste semplici e fondamentali azioni quotidiane.<\/p>\n<h5>Link:<\/h5>\n<p><a href=\"https:\/\/redcloud.cri.it\/best_practice\/87\"><img fetchpriority=\"high\" decoding=\"async\" src=\"https:\/\/cri.it\/sicilia\/wp-content\/uploads\/sites\/17\/2022\/11\/red_cloud_logo-300x212.png\" alt=\"\" width=\"300\" height=\"212\" class=\"alignnone wp-image-7845 size-medium\" srcset=\"https:\/\/cri.it\/sicilia\/wp-content\/uploads\/sites\/17\/2022\/11\/red_cloud_logo-300x212.png 300w, https:\/\/cri.it\/sicilia\/wp-content\/uploads\/sites\/17\/2022\/11\/red_cloud_logo-1024x722.png 1024w, https:\/\/cri.it\/sicilia\/wp-content\/uploads\/sites\/17\/2022\/11\/red_cloud_logo-768x542.png 768w, https:\/\/cri.it\/sicilia\/wp-content\/uploads\/sites\/17\/2022\/11\/red_cloud_logo-1536x1083.png 1536w, https:\/\/cri.it\/sicilia\/wp-content\/uploads\/sites\/17\/2022\/11\/red_cloud_logo-1280x903.png 1280w, https:\/\/cri.it\/sicilia\/wp-content\/uploads\/sites\/17\/2022\/11\/red_cloud_logo.png 1985w\" sizes=\"(max-width: 300px) 100vw, 300px\" \/><\/a><\/p>\n<p>&nbsp;<\/p>\n<h5>Il materiale grafico del progetto:<\/h5>\n<p>&nbsp;<\/p>\n<div id=\"attachment_7882\" style=\"width: 221px\" class=\"wp-caption alignleft\"><a href=\"https:\/\/cri.it\/sicilia\/wp-content\/uploads\/sites\/17\/2022\/11\/formato-A5_punto-baby-cri_SICILIA.png\"><img decoding=\"async\" aria-describedby=\"caption-attachment-7882\" id=\"longdesc-return-7882\" longdesc=\"https:\/\/cri.it\/sicilia?longdesc=7882&amp;referrer=7876\" src=\"https:\/\/cri.it\/sicilia\/wp-content\/uploads\/sites\/17\/2022\/11\/formato-A5_punto-baby-cri_SICILIA-211x300.png\" alt=\"formato-A5_punto-baby-cri_SICILIA.png\" width=\"211\" height=\"300\" class=\"wp-image-7882 size-medium\" srcset=\"https:\/\/cri.it\/sicilia\/wp-content\/uploads\/sites\/17\/2022\/11\/formato-A5_punto-baby-cri_SICILIA-211x300.png 211w, https:\/\/cri.it\/sicilia\/wp-content\/uploads\/sites\/17\/2022\/11\/formato-A5_punto-baby-cri_SICILIA-722x1024.png 722w, https:\/\/cri.it\/sicilia\/wp-content\/uploads\/sites\/17\/2022\/11\/formato-A5_punto-baby-cri_SICILIA-768x1090.png 768w, https:\/\/cri.it\/sicilia\/wp-content\/uploads\/sites\/17\/2022\/11\/formato-A5_punto-baby-cri_SICILIA-1083x1536.png 1083w, https:\/\/cri.it\/sicilia\/wp-content\/uploads\/sites\/17\/2022\/11\/formato-A5_punto-baby-cri_SICILIA-1444x2048.png 1444w, https:\/\/cri.it\/sicilia\/wp-content\/uploads\/sites\/17\/2022\/11\/formato-A5_punto-baby-cri_SICILIA-1280x1816.png 1280w, https:\/\/cri.it\/sicilia\/wp-content\/uploads\/sites\/17\/2022\/11\/formato-A5_punto-baby-cri_SICILIA-1015x1440.png 1015w, https:\/\/cri.it\/sicilia\/wp-content\/uploads\/sites\/17\/2022\/11\/formato-A5_punto-baby-cri_SICILIA.png 1748w\" sizes=\"(max-width: 211px) 100vw, 211px\" \/><\/a><p id=\"caption-attachment-7882\" class=\"wp-caption-text\">formato-A5_punto-baby-cri_SICILIA.png<\/p><\/div>\n<div id=\"attachment_7881\" style=\"width: 221px\" class=\"wp-caption alignleft\"><a href=\"https:\/\/cri.it\/sicilia\/wp-content\/uploads\/sites\/17\/2022\/11\/formato-A5_punto-baby-cri_FAC-SIMILE_COMITATI.png\"><img decoding=\"async\" aria-describedby=\"caption-attachment-7881\" id=\"longdesc-return-7881\" longdesc=\"https:\/\/cri.it\/sicilia?longdesc=7881&amp;referrer=7876\" src=\"https:\/\/cri.it\/sicilia\/wp-content\/uploads\/sites\/17\/2022\/11\/formato-A5_punto-baby-cri_FAC-SIMILE_COMITATI-211x300.png\" alt=\"formato-A5_punto-baby-cri_FAC-SIMILE_COMITATI.png\" width=\"211\" height=\"300\" class=\"wp-image-7881 size-medium\" srcset=\"https:\/\/cri.it\/sicilia\/wp-content\/uploads\/sites\/17\/2022\/11\/formato-A5_punto-baby-cri_FAC-SIMILE_COMITATI-211x300.png 211w, https:\/\/cri.it\/sicilia\/wp-content\/uploads\/sites\/17\/2022\/11\/formato-A5_punto-baby-cri_FAC-SIMILE_COMITATI-722x1024.png 722w, https:\/\/cri.it\/sicilia\/wp-content\/uploads\/sites\/17\/2022\/11\/formato-A5_punto-baby-cri_FAC-SIMILE_COMITATI-768x1090.png 768w, https:\/\/cri.it\/sicilia\/wp-content\/uploads\/sites\/17\/2022\/11\/formato-A5_punto-baby-cri_FAC-SIMILE_COMITATI-1083x1536.png 1083w, https:\/\/cri.it\/sicilia\/wp-content\/uploads\/sites\/17\/2022\/11\/formato-A5_punto-baby-cri_FAC-SIMILE_COMITATI-1444x2048.png 1444w, https:\/\/cri.it\/sicilia\/wp-content\/uploads\/sites\/17\/2022\/11\/formato-A5_punto-baby-cri_FAC-SIMILE_COMITATI-1280x1816.png 1280w, https:\/\/cri.it\/sicilia\/wp-content\/uploads\/sites\/17\/2022\/11\/formato-A5_punto-baby-cri_FAC-SIMILE_COMITATI-1015x1440.png 1015w, https:\/\/cri.it\/sicilia\/wp-content\/uploads\/sites\/17\/2022\/11\/formato-A5_punto-baby-cri_FAC-SIMILE_COMITATI.png 1748w\" sizes=\"(max-width: 211px) 100vw, 211px\" \/><\/a><p id=\"caption-attachment-7881\" class=\"wp-caption-text\">formato-A5_punto-baby-cri_FAC-SIMILE_COMITATI.png<\/p><\/div>\n<div id=\"attachment_7880\" style=\"width: 221px\" class=\"wp-caption alignleft\"><a href=\"https:\/\/cri.it\/sicilia\/wp-content\/uploads\/sites\/17\/2022\/11\/formato-A5_punto-baby-cri_SICILIA_info.png\"><img loading=\"lazy\" decoding=\"async\" aria-describedby=\"caption-attachment-7880\" id=\"longdesc-return-7880\" longdesc=\"https:\/\/cri.it\/sicilia?longdesc=7880&amp;referrer=7876\" src=\"https:\/\/cri.it\/sicilia\/wp-content\/uploads\/sites\/17\/2022\/11\/formato-A5_punto-baby-cri_SICILIA_info-211x300.png\" alt=\"formato-A5_punto-baby-cri_SICILIA_info.png\" width=\"211\" height=\"300\" class=\"wp-image-7880 size-medium\" srcset=\"https:\/\/cri.it\/sicilia\/wp-content\/uploads\/sites\/17\/2022\/11\/formato-A5_punto-baby-cri_SICILIA_info-211x300.png 211w, https:\/\/cri.it\/sicilia\/wp-content\/uploads\/sites\/17\/2022\/11\/formato-A5_punto-baby-cri_SICILIA_info-722x1024.png 722w, https:\/\/cri.it\/sicilia\/wp-content\/uploads\/sites\/17\/2022\/11\/formato-A5_punto-baby-cri_SICILIA_info-768x1090.png 768w, https:\/\/cri.it\/sicilia\/wp-content\/uploads\/sites\/17\/2022\/11\/formato-A5_punto-baby-cri_SICILIA_info-1083x1536.png 1083w, https:\/\/cri.it\/sicilia\/wp-content\/uploads\/sites\/17\/2022\/11\/formato-A5_punto-baby-cri_SICILIA_info-1444x2048.png 1444w, https:\/\/cri.it\/sicilia\/wp-content\/uploads\/sites\/17\/2022\/11\/formato-A5_punto-baby-cri_SICILIA_info-1280x1816.png 1280w, https:\/\/cri.it\/sicilia\/wp-content\/uploads\/sites\/17\/2022\/11\/formato-A5_punto-baby-cri_SICILIA_info-1015x1440.png 1015w, https:\/\/cri.it\/sicilia\/wp-content\/uploads\/sites\/17\/2022\/11\/formato-A5_punto-baby-cri_SICILIA_info.png 1748w\" sizes=\"(max-width: 211px) 100vw, 211px\" \/><\/a><p id=\"caption-attachment-7880\" class=\"wp-caption-text\">formato-A5_punto-baby-cri_SICILIA_info.png<\/p><\/div>\n<p>&nbsp;<\/p>\n<p>&nbsp;<\/p>\n<div id=\"attachment_7878\" style=\"width: 310px\" class=\"wp-caption alignleft\"><a href=\"https:\/\/cri.it\/sicilia\/wp-content\/uploads\/sites\/17\/2022\/11\/copertina_fb_sito_BABY_CRI_sicilia.png\"><img loading=\"lazy\" decoding=\"async\" aria-describedby=\"caption-attachment-7878\" id=\"longdesc-return-7878\" longdesc=\"https:\/\/cri.it\/sicilia?longdesc=7878&amp;referrer=7876\" src=\"https:\/\/cri.it\/sicilia\/wp-content\/uploads\/sites\/17\/2022\/11\/copertina_fb_sito_BABY_CRI_sicilia-300x118.png\" alt=\"copertina_fb_sito_BABY_CRI_sicilia.png\" width=\"300\" height=\"118\" class=\"wp-image-7878 size-medium\" srcset=\"https:\/\/cri.it\/sicilia\/wp-content\/uploads\/sites\/17\/2022\/11\/copertina_fb_sito_BABY_CRI_sicilia-300x118.png 300w, https:\/\/cri.it\/sicilia\/wp-content\/uploads\/sites\/17\/2022\/11\/copertina_fb_sito_BABY_CRI_sicilia-1024x403.png 1024w, https:\/\/cri.it\/sicilia\/wp-content\/uploads\/sites\/17\/2022\/11\/copertina_fb_sito_BABY_CRI_sicilia-768x302.png 768w, https:\/\/cri.it\/sicilia\/wp-content\/uploads\/sites\/17\/2022\/11\/copertina_fb_sito_BABY_CRI_sicilia-1536x604.png 1536w, https:\/\/cri.it\/sicilia\/wp-content\/uploads\/sites\/17\/2022\/11\/copertina_fb_sito_BABY_CRI_sicilia-2048x806.png 2048w, https:\/\/cri.it\/sicilia\/wp-content\/uploads\/sites\/17\/2022\/11\/copertina_fb_sito_BABY_CRI_sicilia-1280x504.png 1280w\" sizes=\"(max-width: 300px) 100vw, 300px\" \/><\/a><p id=\"caption-attachment-7878\" class=\"wp-caption-text\">copertina_fb_sito_BABY_CRI_sicilia.png<\/p><\/div>\n","protected":false},"excerpt":{"rendered":"<p>La Strategia 2020 della Federazione Internazionale delle Societ\u00e0 di Croce Rossa e Mezzaluna Rossa ha inteso \u201crafforzare la capacit\u00e0 della persone e delle comunit\u00e0 di lavorare in un clima di solidariet\u00e0, per trovare soluzioni sostenibili alle proprie necessit\u00e0 e agli elementi di vulnerabilit\u00e0 pi\u00f9 pressanti\u201d. In particolare, nell&#8217;ambito dell&#8217;obiettivo strategico [&hellip;]<\/p>\n","protected":false},"author":65,"featured_media":7877,"parent":7847,"menu_order":0,"comment_status":"closed","ping_status":"closed","template":"","meta":{"_themeisle_gutenberg_block_has_review":false,"footnotes":""},"categories":[21,3,26,12,15],"tags":[53,54,52],"class_list":["post-7876","page","type-page","status-publish","has-post-thumbnail","hentry","category-attivita","category-comitato-sicilia","category-sicilia","category-sociale","category-sviluppo","tag-babycri","tag-progetticrisicilia","tag-puntobabycri"],"_links":{"self":[{"href":"https:\/\/cri.it\/sicilia\/wp-json\/wp\/v2\/pages\/7876","targetHints":{"allow":["GET"]}}],"collection":[{"href":"https:\/\/cri.it\/sicilia\/wp-json\/wp\/v2\/pages"}],"about":[{"href":"https:\/\/cri.it\/sicilia\/wp-json\/wp\/v2\/types\/page"}],"author":[{"embeddable":true,"href":"https:\/\/cri.it\/sicilia\/wp-json\/wp\/v2\/users\/65"}],"replies":[{"embeddable":true,"href":"https:\/\/cri.it\/sicilia\/wp-json\/wp\/v2\/comments?post=7876"}],"version-history":[{"count":3,"href":"https:\/\/cri.it\/sicilia\/wp-json\/wp\/v2\/pages\/7876\/revisions"}],"predecessor-version":[{"id":7889,"href":"https:\/\/cri.it\/sicilia\/wp-json\/wp\/v2\/pages\/7876\/revisions\/7889"}],"up":[{"embeddable":true,"href":"https:\/\/cri.it\/sicilia\/wp-json\/wp\/v2\/pages\/7847"}],"wp:featuredmedia":[{"embeddable":true,"href":"https:\/\/cri.it\/sicilia\/wp-json\/wp\/v2\/media\/7877"}],"wp:attachment":[{"href":"https:\/\/cri.it\/sicilia\/wp-json\/wp\/v2\/media?parent=7876"}],"wp:term":[{"taxonomy":"category","embeddable":true,"href":"https:\/\/cri.it\/sicilia\/wp-json\/wp\/v2\/categories?post=7876"},{"taxonomy":"post_tag","embeddable":true,"href":"https:\/\/cri.it\/sicilia\/wp-json\/wp\/v2\/tags?post=7876"}],"curies":[{"name":"wp","href":"https:\/\/api.w.org\/{rel}","templated":true}]}}