{"id":3443,"date":"2023-03-17T22:08:08","date_gmt":"2023-03-17T21:08:08","guid":{"rendered":"https:\/\/cri.it\/lombardia\/?page_id=3443"},"modified":"2023-04-16T22:10:56","modified_gmt":"2023-04-16T20:10:56","slug":"giornata-nazionale-in-memoria-delle-vittime-del-covid-19-il-messaggio-del-presidente-rosario-valastro","status":"publish","type":"page","link":"https:\/\/cri.it\/lombardia\/giornata-nazionale-in-memoria-delle-vittime-del-covid-19-il-messaggio-del-presidente-rosario-valastro\/","title":{"rendered":"GIORNATA NAZIONALE IN MEMORIA DELLE VITTIME DEL COVID-19: IL MESSAGGIO DEL PRESIDENTE ROSARIO VALASTRO"},"content":{"rendered":"\t\t<div data-elementor-type=\"wp-page\" data-elementor-id=\"3443\" class=\"elementor elementor-3443\">\n\t\t\t\t\t\t<section class=\"elementor-section elementor-top-section elementor-element elementor-element-11fdb3c elementor-section-boxed elementor-section-height-default elementor-section-height-default\" data-id=\"11fdb3c\" data-element_type=\"section\" data-e-type=\"section\">\n\t\t\t\t\t\t<div class=\"elementor-container elementor-column-gap-default\">\n\t\t\t\t\t<div class=\"elementor-column elementor-col-100 elementor-top-column elementor-element elementor-element-5431ae2\" data-id=\"5431ae2\" data-element_type=\"column\" data-e-type=\"column\">\n\t\t\t<div class=\"elementor-widget-wrap elementor-element-populated\">\n\t\t\t\t\t\t<div class=\"elementor-element elementor-element-46fe860 elementor-widget elementor-widget-heading\" data-id=\"46fe860\" data-element_type=\"widget\" data-e-type=\"widget\" data-widget_type=\"heading.default\">\n\t\t\t\t<div class=\"elementor-widget-container\">\n\t\t\t\t\t<h2 class=\"elementor-heading-title elementor-size-default\">GIORNATA NAZIONALE IN MEMORIA DELLE VITTIME DEL COVID-19: IL MESSAGGIO DEL PRESIDENTE ROSARIO VALASTRO\n<\/h2>\t\t\t\t<\/div>\n\t\t\t\t<\/div>\n\t\t\t\t\t<\/div>\n\t\t<\/div>\n\t\t\t\t\t<\/div>\n\t\t<\/section>\n\t\t\t\t<section class=\"elementor-section elementor-top-section elementor-element elementor-element-177b7df elementor-section-boxed elementor-section-height-default elementor-section-height-default\" data-id=\"177b7df\" data-element_type=\"section\" data-e-type=\"section\">\n\t\t\t\t\t\t<div class=\"elementor-container elementor-column-gap-default\">\n\t\t\t\t\t<div class=\"elementor-column elementor-col-100 elementor-top-column elementor-element elementor-element-02d38a5\" data-id=\"02d38a5\" data-element_type=\"column\" data-e-type=\"column\">\n\t\t\t<div class=\"elementor-widget-wrap elementor-element-populated\">\n\t\t\t\t\t\t<div class=\"elementor-element elementor-element-a7ab4cd elementor-widget elementor-widget-spacer\" data-id=\"a7ab4cd\" data-element_type=\"widget\" data-e-type=\"widget\" data-widget_type=\"spacer.default\">\n\t\t\t\t<div class=\"elementor-widget-container\">\n\t\t\t\t\t\t\t<div class=\"elementor-spacer\">\n\t\t\t<div class=\"elementor-spacer-inner\"><\/div>\n\t\t<\/div>\n\t\t\t\t\t\t<\/div>\n\t\t\t\t<\/div>\n\t\t\t\t\t<\/div>\n\t\t<\/div>\n\t\t\t\t\t<\/div>\n\t\t<\/section>\n\t\t\t\t<section class=\"elementor-section elementor-top-section elementor-element elementor-element-5af0707 elementor-section-boxed elementor-section-height-default elementor-section-height-default\" data-id=\"5af0707\" data-element_type=\"section\" data-e-type=\"section\">\n\t\t\t\t\t\t<div class=\"elementor-container elementor-column-gap-default\">\n\t\t\t\t\t<div class=\"elementor-column elementor-col-100 elementor-top-column elementor-element elementor-element-5765e25\" data-id=\"5765e25\" data-element_type=\"column\" data-e-type=\"column\">\n\t\t\t<div class=\"elementor-widget-wrap elementor-element-populated\">\n\t\t\t\t\t\t<div class=\"elementor-element elementor-element-022718c elementor-widget elementor-widget-text-editor\" data-id=\"022718c\" data-element_type=\"widget\" data-e-type=\"widget\" data-widget_type=\"text-editor.default\">\n\t\t\t\t<div class=\"elementor-widget-container\">\n\t\t\t\t\t\t\t\t\t<div data-elementor-type=\"wp-post\" data-elementor-id=\"73163\" class=\"elementor elementor-73163\" data-elementor-settings=\"[]\"><div class=\"elementor-inner\"><div class=\"elementor-section-wrap\"><section class=\"elementor-section elementor-top-section elementor-element elementor-element-1104505 elementor-section-boxed elementor-section-height-default elementor-section-height-default\" data-id=\"1104505\" data-element_type=\"section\"><div class=\"elementor-container elementor-column-gap-default\"><div class=\"elementor-row\"><div class=\"elementor-column elementor-col-100 elementor-top-column elementor-element elementor-element-685a2a5\" data-id=\"685a2a5\" data-element_type=\"column\"><div class=\"elementor-column-wrap elementor-element-populated\"><div class=\"elementor-widget-wrap\"><div class=\"elementor-element elementor-element-8b63f5d elementor-widget elementor-widget-text-editor\" data-id=\"8b63f5d\" data-element_type=\"widget\" data-widget_type=\"text-editor.default\"><div class=\"elementor-widget-container\"><div class=\"elementor-text-editor elementor-clearfix\"><p>Abbiamo avuto le nostre vittime, Volontarie e Volontari che sono stati colpiti a morte dal Covid<b><span>\u00a0<\/span><\/b>e contemporaneamente sono stati testimoni in prima linea di una battaglia sulla quale non ci siamo risparmiati, quella contro la pandemia.<\/p><p>In questa Giornata che vuole tenere viva la memoria verso le vittime, un posto indelebile va a coloro tra noi che non ce l\u2019hanno fatta, ai loro familiari, ai Comitati di appartenenza. La pandemia recente ci ha insegnato, ancora di pi\u00f9, che il Volontariato \u00e8 una risorsa imprescindibile delle nostre comunit\u00e0. Tutte e tutti siamo stati all\u2019altezza di una sfida epocale nella quale tanti hanno sofferto le conseguenze di un\u2019emergenza che ci ha colpito sul piano della salute e su quello sociale ed economico. Indelebili rimarranno le immagini pi\u00f9 dure, di quelle bare trasportate dai camion militari. Indelebile rimarr\u00e0 la memoria delle terapie intensive, dei medici e del personale sanitario impegnati allo stremo, delle ambulanze che soccorrevano i malati, lo strazio dei familiari delle vittime. Il nostro tempo, fatto spesso di consumo veloce di notizie, a volte di superficialit\u00e0 anche nelle tragedie pi\u00f9 dure, ha bisogno invece di coltivare la memoria, che \u00e8 anche la migliore forma di rispetto per chi non ce l\u2019ha fatta. A tutte le componenti della Croce Rossa Italiana, ai Corpi Ausiliari, ai Volontari, ai Comitati spetta anche questo compito. Quello di non dimenticare e di essere testimoni di quella fratellanza che si costruisce giorno per giorno e che nelle situazioni di emergenza affiora come, forse, l\u2019unico modo per far vincere la speranza anche l\u00ec dove sembra non esserci pi\u00f9. A chi ci ha lasciato per sempre, gli onori della Croce Rossa tutta.<\/p><p><b>Il Presidente CRI Rosario Valastro<\/b><\/p><\/div><\/div><\/div><\/div><\/div><\/div><\/div><\/div><\/section><\/div><\/div><\/div><div class=\"ss-inline-share-wrapper ss-stretched-inline-content ss-small-icons ss-with-spacing ss-rounded-icons\"><\/div>\t\t\t\t\t\t\t\t<\/div>\n\t\t\t\t<\/div>\n\t\t\t\t\t<\/div>\n\t\t<\/div>\n\t\t\t\t\t<\/div>\n\t\t<\/section>\n\t\t\t\t<\/div>\n\t\t","protected":false},"excerpt":{"rendered":"<p>GIORNATA NAZIONALE IN MEMORIA DELLE VITTIME DEL COVID-19: IL MESSAGGIO DEL PRESIDENTE ROSARIO VALASTRO Abbiamo avuto le nostre vittime, Volontarie e Volontari che sono stati colpiti a morte dal Covid\u00a0e contemporaneamente sono stati testimoni in prima linea di una battaglia sulla quale non ci siamo risparmiati, quella contro la pandemia. [&hellip;]<\/p>\n","protected":false},"author":127,"featured_media":3445,"parent":0,"menu_order":0,"comment_status":"closed","ping_status":"closed","template":"page-templates\/template-pagebuilder-full-width.php","meta":{"_themeisle_gutenberg_block_has_review":false,"footnotes":""},"categories":[3,18,6,14,8],"tags":[],"class_list":["post-3443","page","type-page","status-publish","has-post-thumbnail","hentry","category-attivita","category-emergenze","category-primo-piano-generico","category-salute","category-secondo-piano-generico"],"_links":{"self":[{"href":"https:\/\/cri.it\/lombardia\/wp-json\/wp\/v2\/pages\/3443","targetHints":{"allow":["GET"]}}],"collection":[{"href":"https:\/\/cri.it\/lombardia\/wp-json\/wp\/v2\/pages"}],"about":[{"href":"https:\/\/cri.it\/lombardia\/wp-json\/wp\/v2\/types\/page"}],"author":[{"embeddable":true,"href":"https:\/\/cri.it\/lombardia\/wp-json\/wp\/v2\/users\/127"}],"replies":[{"embeddable":true,"href":"https:\/\/cri.it\/lombardia\/wp-json\/wp\/v2\/comments?post=3443"}],"version-history":[{"count":3,"href":"https:\/\/cri.it\/lombardia\/wp-json\/wp\/v2\/pages\/3443\/revisions"}],"predecessor-version":[{"id":3449,"href":"https:\/\/cri.it\/lombardia\/wp-json\/wp\/v2\/pages\/3443\/revisions\/3449"}],"wp:featuredmedia":[{"embeddable":true,"href":"https:\/\/cri.it\/lombardia\/wp-json\/wp\/v2\/media\/3445"}],"wp:attachment":[{"href":"https:\/\/cri.it\/lombardia\/wp-json\/wp\/v2\/media?parent=3443"}],"wp:term":[{"taxonomy":"category","embeddable":true,"href":"https:\/\/cri.it\/lombardia\/wp-json\/wp\/v2\/categories?post=3443"},{"taxonomy":"post_tag","embeddable":true,"href":"https:\/\/cri.it\/lombardia\/wp-json\/wp\/v2\/tags?post=3443"}],"curies":[{"name":"wp","href":"https:\/\/api.w.org\/{rel}","templated":true}]}}