{"id":3435,"date":"2023-04-16T22:04:40","date_gmt":"2023-04-16T20:04:40","guid":{"rendered":"https:\/\/cri.it\/lombardia\/?page_id=3435"},"modified":"2023-04-16T22:07:10","modified_gmt":"2023-04-16T20:07:10","slug":"12-marzo-valastro-chi-attacca-volontari-e-operatori-sanitari-attacca-il-diritto-alla-salute","status":"publish","type":"page","link":"https:\/\/cri.it\/lombardia\/12-marzo-valastro-chi-attacca-volontari-e-operatori-sanitari-attacca-il-diritto-alla-salute\/","title":{"rendered":"12 MARZO \u2013 VALASTRO: \u201cCHI ATTACCA VOLONTARI E OPERATORI SANITARI ATTACCA IL DIRITTO ALLA SALUTE\u201d"},"content":{"rendered":"\t\t<div data-elementor-type=\"wp-page\" data-elementor-id=\"3435\" class=\"elementor elementor-3435\">\n\t\t\t\t\t\t<section class=\"elementor-section elementor-top-section elementor-element elementor-element-271223d elementor-section-boxed elementor-section-height-default elementor-section-height-default\" data-id=\"271223d\" data-element_type=\"section\" data-e-type=\"section\">\n\t\t\t\t\t\t<div class=\"elementor-container elementor-column-gap-default\">\n\t\t\t\t\t<div class=\"elementor-column elementor-col-100 elementor-top-column elementor-element elementor-element-aaeacb1\" data-id=\"aaeacb1\" data-element_type=\"column\" data-e-type=\"column\">\n\t\t\t<div class=\"elementor-widget-wrap elementor-element-populated\">\n\t\t\t\t\t\t<div class=\"elementor-element elementor-element-c237f0b elementor-widget elementor-widget-heading\" data-id=\"c237f0b\" data-element_type=\"widget\" data-e-type=\"widget\" data-widget_type=\"heading.default\">\n\t\t\t\t<div class=\"elementor-widget-container\">\n\t\t\t\t\t<h2 class=\"elementor-heading-title elementor-size-default\">12 MARZO \u2013 VALASTRO: \u201cCHI ATTACCA VOLONTARI E OPERATORI SANITARI ATTACCA IL DIRITTO ALLA SALUTE\u201d<\/h2>\t\t\t\t<\/div>\n\t\t\t\t<\/div>\n\t\t\t\t\t<\/div>\n\t\t<\/div>\n\t\t\t\t\t<\/div>\n\t\t<\/section>\n\t\t\t\t<section class=\"elementor-section elementor-top-section elementor-element elementor-element-e984a3e elementor-section-boxed elementor-section-height-default elementor-section-height-default\" data-id=\"e984a3e\" data-element_type=\"section\" data-e-type=\"section\">\n\t\t\t\t\t\t<div class=\"elementor-container elementor-column-gap-default\">\n\t\t\t\t\t<div class=\"elementor-column elementor-col-100 elementor-top-column elementor-element elementor-element-050b87c\" data-id=\"050b87c\" data-element_type=\"column\" data-e-type=\"column\">\n\t\t\t<div class=\"elementor-widget-wrap elementor-element-populated\">\n\t\t\t\t\t\t<div class=\"elementor-element elementor-element-f64f31f elementor-widget elementor-widget-spacer\" data-id=\"f64f31f\" data-element_type=\"widget\" data-e-type=\"widget\" data-widget_type=\"spacer.default\">\n\t\t\t\t<div class=\"elementor-widget-container\">\n\t\t\t\t\t\t\t<div class=\"elementor-spacer\">\n\t\t\t<div class=\"elementor-spacer-inner\"><\/div>\n\t\t<\/div>\n\t\t\t\t\t\t<\/div>\n\t\t\t\t<\/div>\n\t\t\t\t\t<\/div>\n\t\t<\/div>\n\t\t\t\t\t<\/div>\n\t\t<\/section>\n\t\t\t\t<section class=\"elementor-section elementor-top-section elementor-element elementor-element-e4a24a4 elementor-section-boxed elementor-section-height-default elementor-section-height-default\" data-id=\"e4a24a4\" data-element_type=\"section\" data-e-type=\"section\">\n\t\t\t\t\t\t<div class=\"elementor-container elementor-column-gap-default\">\n\t\t\t\t\t<div class=\"elementor-column elementor-col-100 elementor-top-column elementor-element elementor-element-13d7b55\" data-id=\"13d7b55\" data-element_type=\"column\" data-e-type=\"column\">\n\t\t\t<div class=\"elementor-widget-wrap elementor-element-populated\">\n\t\t\t\t\t\t<div class=\"elementor-element elementor-element-c70fb12 elementor-widget elementor-widget-text-editor\" data-id=\"c70fb12\" data-element_type=\"widget\" data-e-type=\"widget\" data-widget_type=\"text-editor.default\">\n\t\t\t\t<div class=\"elementor-widget-container\">\n\t\t\t\t\t\t\t\t\t<section class=\"elementor-section elementor-top-section elementor-element elementor-element-32c7cc4 elementor-section-boxed elementor-section-height-default elementor-section-height-default\" data-id=\"32c7cc4\" data-element_type=\"section\"><div class=\"elementor-container elementor-column-gap-default\"><div class=\"elementor-row\" style=\"width: 1140px;\"><div class=\"elementor-column elementor-col-100 elementor-top-column elementor-element elementor-element-5aa0222\" data-id=\"5aa0222\" data-element_type=\"column\" style=\"width: 1140px;\"><div class=\"elementor-column-wrap elementor-element-populated\" style=\"width: 1140px;\"><div class=\"elementor-widget-wrap\" style=\"width: 1140px;\"><div class=\"elementor-element elementor-element-1cc6a76 elementor-widget elementor-widget-heading\" data-id=\"1cc6a76\" data-element_type=\"widget\" data-widget_type=\"heading.default\" style=\"width: 1120px; text-align: center;\"><div class=\"elementor-widget-container\"><h4 class=\"elementor-heading-title elementor-size-default\" style=\"font-family: Roboto, Helvetica, Arial, sans-serif; margin-bottom: 15px; font-size: 27px;\">Oggi si celebra la Giornata nazionale di educazione e prevenzione contro la violenza nei confronti degli operatori sanitari e socio-sanitari.<\/h4><\/div><\/div><\/div><\/div><\/div><\/div><\/div><\/section><section class=\"elementor-section elementor-top-section elementor-element elementor-element-19a0867 elementor-section-boxed elementor-section-height-default elementor-section-height-default\" data-id=\"19a0867\" data-element_type=\"section\"><div class=\"elementor-container elementor-column-gap-default\"><div class=\"elementor-row\" style=\"width: 1140px;\"><div class=\"elementor-column elementor-col-100 elementor-top-column elementor-element elementor-element-03841bb\" data-id=\"03841bb\" data-element_type=\"column\" style=\"width: 1140px;\"><div class=\"elementor-column-wrap elementor-element-populated\" style=\"width: 1140px;\"><div class=\"elementor-widget-wrap\" style=\"width: 1140px;\"><div class=\"elementor-element elementor-element-8f5cc52 elementor-widget elementor-widget-text-editor\" data-id=\"8f5cc52\" data-element_type=\"widget\" data-widget_type=\"text-editor.default\" style=\"width: 1120px;\"><div class=\"elementor-widget-container\"><div class=\"elementor-text-editor elementor-clearfix\"><p style=\"margin-bottom: 15px; line-height: 1.618;\">\u201cLa Croce Rossa da anni denuncia, con iniziative nazionali e internazionali, le violenze di cui sono oggetto gli operatori sanitari, portando a conoscenza dell\u2019opinione pubblica le aggressioni ai danni dei propri operatori. Chiunque usi violenza verso gli operatori sanitari la perpetra contro il diritto alla Salute sancito dalla nostra Costituzione. E attaccando i volontari&nbsp;della&nbsp;Croce Rossa Italiana si attacca chi cerca di portare questo diritto a tutti. Cos\u00ec facendo si mette a rischio quella spinta che anima le persone a dare una parte importante&nbsp;della&nbsp;propria vita a chi ne ha pi\u00f9 bisogno, spina dorsale&nbsp;del&nbsp;volontariato. Perci\u00f2 la CRI ha dato vita alla campagna nazionale&nbsp;<strong>\u201cNon sono un Bersaglio\u201d<\/strong>&nbsp;ed ha istituito l\u2019Osservatorio sulle aggressioni agli operatori&nbsp;della&nbsp;Croce Rossa. Nel 2022 sono state 74 le denunce raccolte (+60,87% rispetto al 2021). Particolarmente preoccupanti i dati relativi alla tipologia dell\u2019aggressore: nel 20,48 % dei casi \u00e8 avvenuta da parte di un gruppo e, in quasi la met\u00e0 dei casi (44,18%), l\u2019aggressore era un utente.<\/p><p style=\"margin-bottom: 15px; line-height: 1.618;\">In questa giornata vogliamo ricordare che la CRI ha voluto rispondere concretamente a questo fenomeno odioso, dando ai propri operatori un generatore di Qr code in grado di accedere rapidamente al portale dell\u2019Osservatorio. Soltanto denunciando e raccontando sempre questi attacchi vili, potr\u00e0 crescere sempre di pi\u00f9 quella cultura di legalit\u00e0 e solidariet\u00e0 capace di sanare questa piaga\u201d. Cos\u00ec il&nbsp;<strong>Presidente CRI Rosario Valastro<\/strong>.<\/p><\/div><\/div><\/div><\/div><\/div><\/div><\/div><\/div><\/section><section class=\"elementor-section elementor-top-section elementor-element elementor-element-960d61f elementor-section-boxed elementor-section-height-default elementor-section-height-default\" data-id=\"960d61f\" data-element_type=\"section\"><div class=\"elementor-container elementor-column-gap-default\"><div class=\"elementor-row\" style=\"width: 1140px;\"><div class=\"elementor-column elementor-col-50 elementor-top-column elementor-element elementor-element-80aa1cc\" data-id=\"80aa1cc\" data-element_type=\"column\" style=\"width: 570px;\"><div class=\"elementor-column-wrap elementor-element-populated\" style=\"width: 570px;\"><div class=\"elementor-widget-wrap\" style=\"width: 570px;\"><div class=\"elementor-element elementor-element-897ef5a elementor-widget elementor-widget-image\" data-id=\"897ef5a\" data-element_type=\"widget\" data-widget_type=\"image.default\" style=\"width: 550px;\"><div class=\"elementor-widget-container\"><div class=\"elementor-image\"><img fetchpriority=\"high\" decoding=\"async\" width=\"750\" height=\"750\" src=\"https:\/\/cri.it\/wp-content\/uploads\/2023\/03\/1080x1080_Ambu.jpg\" class=\"attachment-large size-large\" alt=\"\" srcset=\"https:\/\/cri.it\/wp-content\/uploads\/2023\/03\/1080x1080_Ambu.jpg 1080w, https:\/\/cri.it\/wp-content\/uploads\/2023\/03\/1080x1080_Ambu-300x300.jpg 300w, https:\/\/cri.it\/wp-content\/uploads\/2023\/03\/1080x1080_Ambu-150x150.jpg 150w, https:\/\/cri.it\/wp-content\/uploads\/2023\/03\/1080x1080_Ambu-768x768.jpg 768w\" sizes=\"(max-width: 750px) 100vw, 750px\"><\/div><\/div><\/div><\/div><\/div><\/div><div class=\"elementor-column elementor-col-50 elementor-top-column elementor-element elementor-element-b25c632\" data-id=\"b25c632\" data-element_type=\"column\" style=\"width: 570px;\"><div class=\"elementor-column-wrap elementor-element-populated\" style=\"width: 570px;\"><div class=\"elementor-widget-wrap\" style=\"width: 570px;\"><div class=\"elementor-element elementor-element-df79f6c elementor-widget elementor-widget-image\" data-id=\"df79f6c\" data-element_type=\"widget\" data-widget_type=\"image.default\" style=\"width: 550px;\"><div class=\"elementor-widget-container\"><div class=\"elementor-image\"><img decoding=\"async\" width=\"750\" height=\"750\" src=\"https:\/\/cri.it\/wp-content\/uploads\/2023\/03\/1080x1080_dottore_rev.jpg\" class=\"attachment-large size-large\" alt=\"\" srcset=\"https:\/\/cri.it\/wp-content\/uploads\/2023\/03\/1080x1080_dottore_rev.jpg 1080w, https:\/\/cri.it\/wp-content\/uploads\/2023\/03\/1080x1080_dottore_rev-300x300.jpg 300w, https:\/\/cri.it\/wp-content\/uploads\/2023\/03\/1080x1080_dottore_rev-150x150.jpg 150w, https:\/\/cri.it\/wp-content\/uploads\/2023\/03\/1080x1080_dottore_rev-768x768.jpg 768w\" sizes=\"(max-width: 750px) 100vw, 750px\"><\/div><\/div><\/div><\/div><\/div><\/div><\/div><\/div><\/section>\t\t\t\t\t\t\t\t<\/div>\n\t\t\t\t<\/div>\n\t\t\t\t\t<\/div>\n\t\t<\/div>\n\t\t\t\t\t<\/div>\n\t\t<\/section>\n\t\t\t\t<\/div>\n\t\t","protected":false},"excerpt":{"rendered":"<p>12 MARZO \u2013 VALASTRO: \u201cCHI ATTACCA VOLONTARI E OPERATORI SANITARI ATTACCA IL DIRITTO ALLA SALUTE\u201d Oggi si celebra la Giornata nazionale di educazione e prevenzione contro la violenza nei confronti degli operatori sanitari e socio-sanitari. \u201cLa Croce Rossa da anni denuncia, con iniziative nazionali e internazionali, le violenze di cui [&hellip;]<\/p>\n","protected":false},"author":127,"featured_media":3437,"parent":0,"menu_order":0,"comment_status":"closed","ping_status":"closed","template":"page-templates\/template-pagebuilder-full-width.php","meta":{"_themeisle_gutenberg_block_has_review":false,"footnotes":""},"categories":[22,14,8],"tags":[],"class_list":["post-3435","page","type-page","status-publish","has-post-thumbnail","hentry","category-aggiornamenti","category-salute","category-secondo-piano-generico"],"_links":{"self":[{"href":"https:\/\/cri.it\/lombardia\/wp-json\/wp\/v2\/pages\/3435","targetHints":{"allow":["GET"]}}],"collection":[{"href":"https:\/\/cri.it\/lombardia\/wp-json\/wp\/v2\/pages"}],"about":[{"href":"https:\/\/cri.it\/lombardia\/wp-json\/wp\/v2\/types\/page"}],"author":[{"embeddable":true,"href":"https:\/\/cri.it\/lombardia\/wp-json\/wp\/v2\/users\/127"}],"replies":[{"embeddable":true,"href":"https:\/\/cri.it\/lombardia\/wp-json\/wp\/v2\/comments?post=3435"}],"version-history":[{"count":4,"href":"https:\/\/cri.it\/lombardia\/wp-json\/wp\/v2\/pages\/3435\/revisions"}],"predecessor-version":[{"id":3442,"href":"https:\/\/cri.it\/lombardia\/wp-json\/wp\/v2\/pages\/3435\/revisions\/3442"}],"wp:featuredmedia":[{"embeddable":true,"href":"https:\/\/cri.it\/lombardia\/wp-json\/wp\/v2\/media\/3437"}],"wp:attachment":[{"href":"https:\/\/cri.it\/lombardia\/wp-json\/wp\/v2\/media?parent=3435"}],"wp:term":[{"taxonomy":"category","embeddable":true,"href":"https:\/\/cri.it\/lombardia\/wp-json\/wp\/v2\/categories?post=3435"},{"taxonomy":"post_tag","embeddable":true,"href":"https:\/\/cri.it\/lombardia\/wp-json\/wp\/v2\/tags?post=3435"}],"curies":[{"name":"wp","href":"https:\/\/api.w.org\/{rel}","templated":true}]}}