{"id":2604,"date":"2021-06-28T10:58:09","date_gmt":"2021-06-28T08:58:09","guid":{"rendered":"https:\/\/cri.it\/lombardianew\/?page_id=2604"},"modified":"2021-06-28T11:06:49","modified_gmt":"2021-06-28T09:06:49","slug":"chi-siamo","status":"publish","type":"page","link":"https:\/\/cri.it\/lombardia\/chi-siamo\/","title":{"rendered":"L&#8217;Associazione"},"content":{"rendered":"\t\t<div data-elementor-type=\"wp-page\" data-elementor-id=\"2604\" class=\"elementor elementor-2604\">\n\t\t\t\t\t\t<section class=\"elementor-section elementor-top-section elementor-element elementor-element-53d2f96 elementor-section-boxed elementor-section-height-default elementor-section-height-default\" data-id=\"53d2f96\" data-element_type=\"section\" data-e-type=\"section\">\n\t\t\t\t\t\t<div class=\"elementor-container elementor-column-gap-default\">\n\t\t\t\t\t<div class=\"elementor-column elementor-col-100 elementor-top-column elementor-element elementor-element-76b1364\" data-id=\"76b1364\" data-element_type=\"column\" data-e-type=\"column\">\n\t\t\t<div class=\"elementor-widget-wrap elementor-element-populated\">\n\t\t\t\t\t\t<div class=\"elementor-element elementor-element-e126cd2 elementor-widget elementor-widget-heading\" data-id=\"e126cd2\" data-element_type=\"widget\" data-e-type=\"widget\" data-widget_type=\"heading.default\">\n\t\t\t\t<div class=\"elementor-widget-container\">\n\t\t\t\t\t<h3 class=\"elementor-heading-title elementor-size-default\">Chi siamo<\/h3>\t\t\t\t<\/div>\n\t\t\t\t<\/div>\n\t\t\t\t<div class=\"elementor-element elementor-element-ffbdc3b elementor-widget elementor-widget-text-editor\" data-id=\"ffbdc3b\" data-element_type=\"widget\" data-e-type=\"widget\" data-widget_type=\"text-editor.default\">\n\t\t\t\t<div class=\"elementor-widget-container\">\n\t\t\t\t\t\t\t\t\t<p>L\u2019 <strong>Associazione della Croce Rossa Italiana<\/strong> \u00e8 un&#8217;organizzazione di volontariato che si prefigge l\u2019assistenza sanitaria e sociale sia in tempo di pace che in tempo di conflitto. La CRI \u00e8 posta sotto l\u2019alto patronato del Presidente della Repubblica e fa parte del Movimento Internazionale della Croce Rossa. Nelle sue azioni a livello internazionale si coordina con il Comitato Internazionale della Croce Rossa, nei Paesi in conflitto, e con la Federazione Internazionale di Croce Rossa e Mezzaluna Rossa per gli altri interventi.\u00a0<\/p><p>La CRI \u00e8 presente e attiva in tutta Italia, la struttura \u00e8 composta dal Comitato Nazionale (con sede a Roma), i Comitati Regionali e i relativi Comitati Territoriali. In <b>Lombardia <\/b>si contano <b>87 Comitati Territoriali<\/b>, <b>1700 mezzi<\/b> e <b>24.000 operatori <\/b>impegnati nelle attivit\u00e0 di soccorso, di prossimit\u00e0 sociale, di emergenza, di formazione e di divulgazione: uomini e donne che dedicano volontariamente e gratuitamente il loro tempo per migliorare le condizioni dei pi\u00f9 vulnerabili.\u00a0<\/p><p><b>La storia<\/b><\/p><p>Il 24 giugno 1859, nel corso della 2\u00b0 Guerra di Indipendenza italiana, sulle colline a sud del Lago di Garda a Solferino si consuma una delle battaglie pi\u00f9 sanguinose dei XIX secolo. Trecentomila soldati appartenenti a tre eserciti distinti (francese, sardo-piemontese e austriaco) si scontrano, lasciando sul terreno circa <b>centomila fra morti, feriti e dispersi<\/b>. Castiglione delle Stiviere \u00e8 il paese pi\u00f9 vicino, dove esisteva gi\u00e0 un ospedale e la possibilit\u00e0 di accedere all\u2019acqua, elemento fondamentale nel soccorso improvvisato ai <b>novemila feriti<\/b> che, nei primi tre giorni, vengono appunto trasportati a Castiglione.<\/p><p>L\u00ec \u00e8 presente anche un <b>cittadino svizzero, Jean Henry Dunant<\/b>, venuto ad incontrare per i suoi affari Napoleone III. Egli si ritrova coinvolto nella terribile carneficina, aggravato dall&#8217;inesistenza della sanit\u00e0 militare. Jean Henry Dunant rimane talmente colpito dalla situazione che decide di descrivere quanto stesse accadendo in quello che diventer\u00e0, poi, il suo testo fondamentale: \u201c<b>Un Souvenir de Solferino<\/b>\u201d, <b>tradotto in pi\u00f9 di 20 lingue<\/b>. Dall\u2019orribile spettacolo nasce in Dunant l\u2019idea di creare una <b>squadra di infermieri volontari preparati<\/b>, il cui operato potesse dare un apporto fondamentale alla sanit\u00e0 militare: la <b>Croce Rossa<\/b>.<\/p><p>Dal <b>Convegno di Ginevra del 1863<\/b> nascono le <b>Societ\u00e0 Nazionali di Croce Rossa<\/b> e la quinta a formarsi \u00e8 proprio quella italiana. Nella 1\u00b0 Conferenza diplomatica di Ginevra, che termina con la firma della <b>Prima Convenzione di Ginevra (8-22 agosto 1864)<\/b>, viene sancita la neutralit\u00e0 delle strutture e del personale sanitario.<\/p><p><b>I Sette Principi fondamentali<\/b><\/p><p>Garanzia e guida delle azioni del Movimento Internazionale di Croce Rossa e di tutti gli operatori, sono i sette Principi Fondamentali. Adottati nella XX Conferenza Internazionale della Croce Rossa, svoltasi a Vienna nell\u2019ottobre del 1965, ne costituiscono lo spirito e l\u2019etica: Umanit\u00e0, Imparzialit\u00e0, Neutralit\u00e0, Indipendenza, Volontariato, Unit\u00e0 e Universalit\u00e0.\u00a0<\/p>\t\t\t\t\t\t\t\t<\/div>\n\t\t\t\t<\/div>\n\t\t\t\t\t<\/div>\n\t\t<\/div>\n\t\t\t\t\t<\/div>\n\t\t<\/section>\n\t\t\t\t<section class=\"elementor-section elementor-top-section elementor-element elementor-element-6b810244 elementor-section-boxed elementor-section-height-default elementor-section-height-default\" data-id=\"6b810244\" data-element_type=\"section\" data-e-type=\"section\">\n\t\t\t\t\t\t<div class=\"elementor-container elementor-column-gap-default\">\n\t\t\t\t\t<div class=\"elementor-column elementor-col-100 elementor-top-column elementor-element elementor-element-55feaa97\" data-id=\"55feaa97\" data-element_type=\"column\" data-e-type=\"column\">\n\t\t\t<div class=\"elementor-widget-wrap elementor-element-populated\">\n\t\t\t\t\t\t<div class=\"elementor-element elementor-element-3f093a3e elementor-widget elementor-widget-spacer\" data-id=\"3f093a3e\" data-element_type=\"widget\" data-e-type=\"widget\" data-widget_type=\"spacer.default\">\n\t\t\t\t<div class=\"elementor-widget-container\">\n\t\t\t\t\t\t\t<div class=\"elementor-spacer\">\n\t\t\t<div class=\"elementor-spacer-inner\"><\/div>\n\t\t<\/div>\n\t\t\t\t\t\t<\/div>\n\t\t\t\t<\/div>\n\t\t\t\t<div class=\"elementor-element elementor-element-2c287bad elementor-widget-divider--view-line elementor-widget elementor-widget-divider\" data-id=\"2c287bad\" data-element_type=\"widget\" data-e-type=\"widget\" data-widget_type=\"divider.default\">\n\t\t\t\t<div class=\"elementor-widget-container\">\n\t\t\t\t\t\t\t<div class=\"elementor-divider\">\n\t\t\t<span class=\"elementor-divider-separator\">\n\t\t\t\t\t\t<\/span>\n\t\t<\/div>\n\t\t\t\t\t\t<\/div>\n\t\t\t\t<\/div>\n\t\t\t\t\t<\/div>\n\t\t<\/div>\n\t\t\t\t\t<\/div>\n\t\t<\/section>\n\t\t\t\t<\/div>\n\t\t","protected":false},"excerpt":{"rendered":"<p>Chi siamo L\u2019 Associazione della Croce Rossa Italiana \u00e8 un&#8217;organizzazione di volontariato che si prefigge l\u2019assistenza sanitaria e sociale sia in tempo di pace che in tempo di conflitto. La CRI \u00e8 posta sotto l\u2019alto patronato del Presidente della Repubblica e fa parte del Movimento Internazionale della Croce Rossa. Nelle [&hellip;]<\/p>\n","protected":false},"author":61,"featured_media":2609,"parent":0,"menu_order":0,"comment_status":"closed","ping_status":"closed","template":"","meta":{"_themeisle_gutenberg_block_has_review":false,"footnotes":""},"categories":[],"tags":[],"class_list":["post-2604","page","type-page","status-publish","has-post-thumbnail","hentry"],"_links":{"self":[{"href":"https:\/\/cri.it\/lombardia\/wp-json\/wp\/v2\/pages\/2604","targetHints":{"allow":["GET"]}}],"collection":[{"href":"https:\/\/cri.it\/lombardia\/wp-json\/wp\/v2\/pages"}],"about":[{"href":"https:\/\/cri.it\/lombardia\/wp-json\/wp\/v2\/types\/page"}],"author":[{"embeddable":true,"href":"https:\/\/cri.it\/lombardia\/wp-json\/wp\/v2\/users\/61"}],"replies":[{"embeddable":true,"href":"https:\/\/cri.it\/lombardia\/wp-json\/wp\/v2\/comments?post=2604"}],"version-history":[{"count":3,"href":"https:\/\/cri.it\/lombardia\/wp-json\/wp\/v2\/pages\/2604\/revisions"}],"predecessor-version":[{"id":2611,"href":"https:\/\/cri.it\/lombardia\/wp-json\/wp\/v2\/pages\/2604\/revisions\/2611"}],"wp:featuredmedia":[{"embeddable":true,"href":"https:\/\/cri.it\/lombardia\/wp-json\/wp\/v2\/media\/2609"}],"wp:attachment":[{"href":"https:\/\/cri.it\/lombardia\/wp-json\/wp\/v2\/media?parent=2604"}],"wp:term":[{"taxonomy":"category","embeddable":true,"href":"https:\/\/cri.it\/lombardia\/wp-json\/wp\/v2\/categories?post=2604"},{"taxonomy":"post_tag","embeddable":true,"href":"https:\/\/cri.it\/lombardia\/wp-json\/wp\/v2\/tags?post=2604"}],"curies":[{"name":"wp","href":"https:\/\/api.w.org\/{rel}","templated":true}]}}

<div data-elementor-type="wp-page" data-elementor-id="2604" class="elementor elementor-2604">
						<section class="elementor-section elementor-top-section elementor-element elementor-element-53d2f96 elementor-section-boxed elementor-section-height-default elementor-section-height-default" data-id="53d2f96" data-element_type="section" data-e-type="section">
						<div class="elementor-container elementor-column-gap-default">
					<div class="elementor-column elementor-col-100 elementor-top-column elementor-element elementor-element-76b1364" data-id="76b1364" data-element_type="column" data-e-type="column">
			<div class="elementor-widget-wrap elementor-element-populated">
						<div class="elementor-element elementor-element-e126cd2 elementor-widget elementor-widget-heading" data-id="e126cd2" data-element_type="widget" data-e-type="widget" data-widget_type="heading.default">
				<div class="elementor-widget-container">
					<h3 class="elementor-heading-title elementor-size-default">Chi siamo</h3>				</div>
				</div>
				<div class="elementor-element elementor-element-ffbdc3b elementor-widget elementor-widget-text-editor" data-id="ffbdc3b" data-element_type="widget" data-e-type="widget" data-widget_type="text-editor.default">
				<div class="elementor-widget-container">
									<p>L’ <strong>Associazione della Croce Rossa Italiana</strong> è un&#8217;organizzazione di volontariato che si prefigge l’assistenza sanitaria e sociale sia in tempo di pace che in tempo di conflitto. La CRI è posta sotto l’alto patronato del Presidente della Repubblica e fa parte del Movimento Internazionale della Croce Rossa. Nelle sue azioni a livello internazionale si coordina con il Comitato Internazionale della Croce Rossa, nei Paesi in conflitto, e con la Federazione Internazionale di Croce Rossa e Mezzaluna Rossa per gli altri interventi. </p><p>La CRI è presente e attiva in tutta Italia, la struttura è composta dal Comitato Nazionale (con sede a Roma), i Comitati Regionali e i relativi Comitati Territoriali. In <b>Lombardia </b>si contano <b>87 Comitati Territoriali</b>, <b>1700 mezzi</b> e <b>24.000 operatori </b>impegnati nelle attività di soccorso, di prossimità sociale, di emergenza, di formazione e di divulgazione: uomini e donne che dedicano volontariamente e gratuitamente il loro tempo per migliorare le condizioni dei più vulnerabili. </p><p><b>La storia</b></p><p>Il 24 giugno 1859, nel corso della 2° Guerra di Indipendenza italiana, sulle colline a sud del Lago di Garda a Solferino si consuma una delle battaglie più sanguinose dei XIX secolo. Trecentomila soldati appartenenti a tre eserciti distinti (francese, sardo-piemontese e austriaco) si scontrano, lasciando sul terreno circa <b>centomila fra morti, feriti e dispersi</b>. Castiglione delle Stiviere è il paese più vicino, dove esisteva già un ospedale e la possibilità di accedere all’acqua, elemento fondamentale nel soccorso improvvisato ai <b>novemila feriti</b> che, nei primi tre giorni, vengono appunto trasportati a Castiglione.</p><p>Lì è presente anche un <b>cittadino svizzero, Jean Henry Dunant</b>, venuto ad incontrare per i suoi affari Napoleone III. Egli si ritrova coinvolto nella terribile carneficina, aggravato dall&#8217;inesistenza della sanità militare. Jean Henry Dunant rimane talmente colpito dalla situazione che decide di descrivere quanto stesse accadendo in quello che diventerà, poi, il suo testo fondamentale: “<b>Un Souvenir de Solferino</b>”, <b>tradotto in più di 20 lingue</b>. Dall’orribile spettacolo nasce in Dunant l’idea di creare una <b>squadra di infermieri volontari preparati</b>, il cui operato potesse dare un apporto fondamentale alla sanità militare: la <b>Croce Rossa</b>.</p><p>Dal <b>Convegno di Ginevra del 1863</b> nascono le <b>Società Nazionali di Croce Rossa</b> e la quinta a formarsi è proprio quella italiana. Nella 1° Conferenza diplomatica di Ginevra, che termina con la firma della <b>Prima Convenzione di Ginevra (8-22 agosto 1864)</b>, viene sancita la neutralità delle strutture e del personale sanitario.</p><p><b>I Sette Principi fondamentali</b></p><p>Garanzia e guida delle azioni del Movimento Internazionale di Croce Rossa e di tutti gli operatori, sono i sette Principi Fondamentali. Adottati nella XX Conferenza Internazionale della Croce Rossa, svoltasi a Vienna nell’ottobre del 1965, ne costituiscono lo spirito e l’etica: Umanità, Imparzialità, Neutralità, Indipendenza, Volontariato, Unità e Universalità. </p>								</div>
				</div>
					</div>
		</div>
					</div>
		</section>
				<section class="elementor-section elementor-top-section elementor-element elementor-element-6b810244 elementor-section-boxed elementor-section-height-default elementor-section-height-default" data-id="6b810244" data-element_type="section" data-e-type="section">
						<div class="elementor-container elementor-column-gap-default">
					<div class="elementor-column elementor-col-100 elementor-top-column elementor-element elementor-element-55feaa97" data-id="55feaa97" data-element_type="column" data-e-type="column">
			<div class="elementor-widget-wrap elementor-element-populated">
						<div class="elementor-element elementor-element-3f093a3e elementor-widget elementor-widget-spacer" data-id="3f093a3e" data-element_type="widget" data-e-type="widget" data-widget_type="spacer.default">
				<div class="elementor-widget-container">
							<div class="elementor-spacer">
			<div class="elementor-spacer-inner"></div>
		</div>
						</div>
				</div>
				<div class="elementor-element elementor-element-2c287bad elementor-widget-divider--view-line elementor-widget elementor-widget-divider" data-id="2c287bad" data-element_type="widget" data-e-type="widget" data-widget_type="divider.default">
				<div class="elementor-widget-container">
							<div class="elementor-divider">
			<span class="elementor-divider-separator">
						</span>
		</div>
						</div>
				</div>
					</div>
		</div>
					</div>
		</section>
				</div>

<p>Chi siamo L’ Associazione della Croce Rossa Italiana è un&#8217;organizzazione di volontariato che si prefigge l’assistenza sanitaria e sociale sia in tempo di pace che in tempo di conflitto. La CRI è posta sotto l’alto patronato del Presidente della Repubblica e fa parte del Movimento Internazionale della Croce Rossa. Nelle [&hellip;]</p>
