{"id":3499,"date":"2022-07-14T19:31:53","date_gmt":"2022-07-14T17:31:53","guid":{"rendered":"https:\/\/cri.it\/liguria\/?page_id=3499"},"modified":"2022-07-14T19:53:17","modified_gmt":"2022-07-14T17:53:17","slug":"xxii-gara-regionale-di-primo-soccorso-la-spezia-16-luglio-2022","status":"publish","type":"page","link":"https:\/\/cri.it\/liguria\/xxii-gara-regionale-di-primo-soccorso-la-spezia-16-luglio-2022\/","title":{"rendered":"XXII GARA REGIONALE DI PRIMO SOCCORSO &#8211; LA SPEZIA 16 LUGLIO 2022"},"content":{"rendered":"<p>Dopo due anni di stop FINALMENTE si svolger\u00e0 sabato <strong><em>16 luglio 2022<\/em><\/strong> nella citt\u00e0 di La Spezia la <strong>XXI GARA REGIONALE DI PRIMO SOCCORSO del Comitato Regionale della Liguria<\/strong>. Una giornata in cui le squadre composte da sei Volontari, provenienti dai Comitati CRI di tutta la\u00a0 Liguria, si sfideranno su scenari simulati, dinamici o stati ci, di primo soccorso.<\/p>\n<p><img fetchpriority=\"high\" decoding=\"async\" src=\"https:\/\/cri.it\/liguria\/wp-content\/uploads\/sites\/10\/2022\/07\/ae345f71-3dff-42f4-972d-c21abbb2ccfe-294x300.jpg\" alt=\"\" width=\"294\" height=\"300\" class=\"size-medium wp-image-3501 alignleft\" srcset=\"https:\/\/cri.it\/liguria\/wp-content\/uploads\/sites\/10\/2022\/07\/ae345f71-3dff-42f4-972d-c21abbb2ccfe-294x300.jpg 294w, https:\/\/cri.it\/liguria\/wp-content\/uploads\/sites\/10\/2022\/07\/ae345f71-3dff-42f4-972d-c21abbb2ccfe-768x784.jpg 768w, https:\/\/cri.it\/liguria\/wp-content\/uploads\/sites\/10\/2022\/07\/ae345f71-3dff-42f4-972d-c21abbb2ccfe.jpg 804w\" sizes=\"(max-width: 294px) 100vw, 294px\" \/><\/p>\n<p>La diffusione e l&#8217;insegnamento delle correte pratiche di primo soccorso, un impegno che la <strong>Croce Rossa Italiana<\/strong> si assume. Garantire che le persone acquisiscono le competenze necessarie per proteggere la propria salute e quella degli altri in tutte le fasi della loro vita.<\/p>\n<p>Ed \u00e8 per questo motivo che la formazione e l&#8217;addestramento costante fanno parte della quotidianit\u00e0 di ogni soccorritore. La gara che si svolger\u00e0 in dieci postazioni situati tra le vie e piazze cittadine sar\u00e0 l&#8217;occasione per mostrare alla popolazione le competenze\u00a0 dei Volontari.<\/p>\n","protected":false},"excerpt":{"rendered":"<p>Dopo due anni di stop FINALMENTE si svolger\u00e0 sabato 16 luglio 2022 nella citt\u00e0 di La Spezia la XXI GARA REGIONALE DI PRIMO SOCCORSO del Comitato Regionale della Liguria. Una giornata in cui le squadre composte da sei Volontari, provenienti dai Comitati CRI di tutta la\u00a0 Liguria, si sfideranno su [&hellip;]<\/p>\n","protected":false},"author":76,"featured_media":3506,"parent":0,"menu_order":0,"comment_status":"closed","ping_status":"closed","template":"","meta":{"_themeisle_gutenberg_block_has_review":false,"footnotes":""},"categories":[16,2,14,3,13],"tags":[],"class_list":["post-3499","page","type-page","status-publish","has-post-thumbnail","hentry","category-attivita","category-comitato-liguria","category-eventi","category-news","category-primo-piano-generico"],"_links":{"self":[{"href":"https:\/\/cri.it\/liguria\/wp-json\/wp\/v2\/pages\/3499","targetHints":{"allow":["GET"]}}],"collection":[{"href":"https:\/\/cri.it\/liguria\/wp-json\/wp\/v2\/pages"}],"about":[{"href":"https:\/\/cri.it\/liguria\/wp-json\/wp\/v2\/types\/page"}],"author":[{"embeddable":true,"href":"https:\/\/cri.it\/liguria\/wp-json\/wp\/v2\/users\/76"}],"replies":[{"embeddable":true,"href":"https:\/\/cri.it\/liguria\/wp-json\/wp\/v2\/comments?post=3499"}],"version-history":[{"count":3,"href":"https:\/\/cri.it\/liguria\/wp-json\/wp\/v2\/pages\/3499\/revisions"}],"predecessor-version":[{"id":3508,"href":"https:\/\/cri.it\/liguria\/wp-json\/wp\/v2\/pages\/3499\/revisions\/3508"}],"wp:featuredmedia":[{"embeddable":true,"href":"https:\/\/cri.it\/liguria\/wp-json\/wp\/v2\/media\/3506"}],"wp:attachment":[{"href":"https:\/\/cri.it\/liguria\/wp-json\/wp\/v2\/media?parent=3499"}],"wp:term":[{"taxonomy":"category","embeddable":true,"href":"https:\/\/cri.it\/liguria\/wp-json\/wp\/v2\/categories?post=3499"},{"taxonomy":"post_tag","embeddable":true,"href":"https:\/\/cri.it\/liguria\/wp-json\/wp\/v2\/tags?post=3499"}],"curies":[{"name":"wp","href":"https:\/\/api.w.org\/{rel}","templated":true}]}}