{"id":2044,"date":"2018-02-21T10:44:05","date_gmt":"2018-02-21T09:44:05","guid":{"rendered":"https:\/\/cri.it\/ligurianew\/?page_id=2044"},"modified":"2021-07-19T10:51:34","modified_gmt":"2021-07-19T08:51:34","slug":"manovre-salvavita-pediatriche","status":"publish","type":"page","link":"https:\/\/cri.it\/liguria\/manovre-salvavita-pediatriche\/","title":{"rendered":"Manovre Salvavita Pediatriche"},"content":{"rendered":"<div class=\"viewLineBreak\">La Croce Rossa Italiana da sempre si occupa di formazione e di educazione sanitaria promuovendo\u00a0 su tutto il territorio nazionale percorsi informativi e\/o formativi, in base alle linee guida internazionali (ILCOR) sulle Manovre Salvavita, semplici manovre che possono fare la differenza.<\/div>\n<div class=\"viewPar BLOBAlignJustify\">\n<p>Il Progetto delle Manovre Salvavita Pediatriche racchiude quei percorsi, formativi e\/o informativi, che tendono, in modo coordinato, ad aiutare ciascun individuo o gruppi di persone che sono a contatto con i soggetti in et\u00e0 pediatrica a conoscere, ad acquisire e saper eseguire azioni e modificare i propri comportamenti per mantenere e\/o migliorare la salute dei bambini.<\/p>\n<p>Un dato importante da annotare \u00e8 che chi assiste ai primi momenti dell&#8217;evento di solito non \u00e8 adeguatamente formato ad intervenire o richiedere l&#8217;intervento dei soccorsi qualificati. \u00c8 possibile fare la differenza partecipando ai semplici eventi formativo e\/o informativi proposti dalla<span>\u00a0<\/span><acronym title=\"Croce Rossa Italiana\">CRI<\/acronym><span>\u00a0<\/span>rivolti sia a personale sanitario (medici, infermieri, soccorritori,&#8230;) che &#8220;laico&#8221; (maestre, insegnanti, allenatori, baby sitter, genitori, bagnini ecc.):<\/p>\n<\/div>\n<div class=\"viewLineBreak\"><\/div>\n<ul class=\"viewUL BLOBListSymbolSquare\">\n<li class=\"viewLI BLOBAlignJustify\">Lezione informativa, gratuita della durata di 1 ora<\/li>\n<li class=\"viewLI BLOBAlignJustify\"><a class=\"target_blank\" href=\"https:\/\/www.cri.it\/flex\/cm\/pages\/ServeBLOB.php\/L\/IT\/IDPagina\/21331\" title=\" (Questo collegamento aprir\u00e0 una nuova finestra)\">Sonno Sicuro<\/a>, informativa gratuita della durata di 1 ora<\/li>\n<li class=\"viewLI BLOBAlignJustify\"><a class=\"target_blank\" href=\"https:\/\/www.cri.it\/flex\/cm\/pages\/ServeBLOB.php\/L\/IT\/IDPagina\/21332\" title=\" (Questo collegamento aprir\u00e0 una nuova finestra)\">Corso Manovre Disostruzione Pediatrica<\/a>, della durata di 2 ore<\/li>\n<li class=\"viewLI BLOBAlignJustify\"><a class=\"target_blank\" href=\"https:\/\/www.cri.it\/flex\/cm\/pages\/ServeBLOB.php\/L\/IT\/IDPagina\/21330\" title=\" (Questo collegamento aprir\u00e0 una nuova finestra)\">Corso Manovre Salvavita Pediatriche<\/a>, della durata di 3 ore (Manovre Disostruzione Pediatrica e rianimazione cardiopolmonare pediatrica)<\/li>\n<li class=\"viewLI BLOBAlignJustify\"><a class=\"target_blank\" href=\"https:\/\/www.cri.it\/flex\/cm\/pages\/ServeBLOB.php\/L\/IT\/IDPagina\/21333\" title=\" (Questo collegamento aprir\u00e0 una nuova finestra)\">Corso Manovre Salvavita Pediatriche Mass Training<\/a>\u00a0(addestramento di massa), della durata di 3 ore (Manovre Disostruzione Pediatrica e rianimazione cardiopolmonare pediatrica, lezione teorica e pratica interattiva simultanea) .<\/li>\n<\/ul>\n<div class=\"viewLineBreak\"><\/div>\n<div>\n<hr class=\"viewHR BLOBAlignLeft\" \/>\n<\/div>\n<h2 class=\"balloonSubtitle\"><span><strong class=\"userFormat1\">Norme e Istruzioni<\/strong><\/span><\/h2>\n<div class=\"blob-element-download BLOBAlignLeft\"><a title=\"Regolamento Manovre Salvavita Pediatriche  (8.88 MB) (Questo collegamento aprir\u00e0 una nuova finestra)\" href=\"https:\/\/www.cri.it\/flex\/cm\/pages\/ServeAttachment.php\/L\/IT\/D\/4%252F2%252Ff%252FD.aaf793997cb4b9ea61a9\/P\/BLOB%3AID%3D34559\/E\/pdf\" class=\"viewLink viewLinkIMG target_blank\"><img decoding=\"async\" class=\"BLOBVAlignMiddle\" src=\"https:\/\/www.cri.it\/flex\/TemplatesUSR\/CM\/TemplatesUSR-BLOB-img\/Download\/AcrobatPdf-Piccola.gif\" alt=\" (8.88 MB)\" \/>Regolamento Manovre Salvavita Pediatriche<span class=\"BLOBDownloadSize\"><span>\u00a0<\/span>(8.88 MB)<\/span><\/a><span class=\"BLOBHidden\"><\/span><\/div>\n<div class=\"blob-element-download BLOBAlignLeft\"><a title=\"Vademecum per Comitati  (227.59 KB) (Questo collegamento aprir\u00e0 una nuova finestra)\" href=\"https:\/\/www.cri.it\/flex\/cm\/pages\/ServeAttachment.php\/L\/IT\/D\/7%252F4%252Fc%252FD.a2e679ef88d341fd62e4\/P\/BLOB%3AID%3D34559\/E\/pdf\" class=\"viewLink viewLinkIMG target_blank\"><img decoding=\"async\" class=\"BLOBVAlignMiddle\" src=\"https:\/\/www.cri.it\/flex\/TemplatesUSR\/CM\/TemplatesUSR-BLOB-img\/Download\/AcrobatPdf-Piccola.gif\" alt=\" (227.59 KB)\" \/>Vademecum per Comitati<span class=\"BLOBDownloadSize\"><span>\u00a0<\/span>(227.59 KB)<\/span><\/a><span class=\"BLOBHidden\"><\/span><\/div>\n<div class=\"blob-element-download BLOBAlignLeft\"><a title=\"Volantino linee guida RCP-MSP  (1.62 MB) (Questo collegamento aprir\u00e0 una nuova finestra)\" href=\"https:\/\/www.cri.it\/flex\/cm\/pages\/ServeAttachment.php\/L\/IT\/D\/f%252F1%252Fc%252FD.9e4c2a92f29e84b98f48\/P\/BLOB%3AID%3D34559\/E\/pdf\" class=\"viewLink viewLinkIMG target_blank\"><img decoding=\"async\" class=\"BLOBVAlignMiddle\" src=\"https:\/\/www.cri.it\/flex\/TemplatesUSR\/CM\/TemplatesUSR-BLOB-img\/Download\/AcrobatPdf-Piccola.gif\" alt=\" (1.62 MB)\" \/>Volantino linee guida RCP-MSP<span class=\"BLOBDownloadSize\"><span>\u00a0<\/span>(1.62 MB)<\/span><\/a><span class=\"BLOBHidden\"><\/span><\/div>\n<div class=\"blob-element-download BLOBAlignLeft\"><a title=\"Traccia Modello locandina MSP  (1.74 MB) (Questo collegamento aprir\u00e0 una nuova finestra)\" href=\"https:\/\/www.cri.it\/flex\/cm\/pages\/ServeAttachment.php\/L\/IT\/D\/e%252Ff%252F5%252FD.f923091fa35270db7c0c\/P\/BLOB%3AID%3D34559\/E\/pdf\" class=\"viewLink viewLinkIMG target_blank\"><img decoding=\"async\" class=\"BLOBVAlignMiddle\" src=\"https:\/\/www.cri.it\/flex\/TemplatesUSR\/CM\/TemplatesUSR-BLOB-img\/Download\/AcrobatPdf-Piccola.gif\" alt=\" (1.74 MB)\" \/>Traccia Modello locandina MSP<span class=\"BLOBDownloadSize\"><span>\u00a0<\/span>(1.74 MB)<\/span><\/a><span class=\"BLOBHidden\"><\/span><\/div>\n<div class=\"boxBiancoPiccolo\"><em class=\"userFormat2\">Nota:\u00a0da regolamento gli istruttori FULL-D e i Monitori riqualificati sono istruttori MSP<\/em><\/div>\n","protected":false},"excerpt":{"rendered":"<p>La Croce Rossa Italiana da sempre si occupa di formazione e di educazione sanitaria promuovendo\u00a0 su tutto il territorio nazionale percorsi informativi e\/o formativi, in base alle linee guida internazionali (ILCOR) sulle Manovre Salvavita, semplici manovre che possono fare la differenza. Il Progetto delle Manovre Salvavita Pediatriche racchiude quei percorsi, [&hellip;]<\/p>\n","protected":false},"author":76,"featured_media":2046,"parent":0,"menu_order":0,"comment_status":"closed","ping_status":"closed","template":"","meta":{"_themeisle_gutenberg_block_has_review":false,"footnotes":""},"categories":[5],"tags":[],"class_list":["post-2044","page","type-page","status-publish","has-post-thumbnail","hentry","category-salute"],"_links":{"self":[{"href":"https:\/\/cri.it\/liguria\/wp-json\/wp\/v2\/pages\/2044","targetHints":{"allow":["GET"]}}],"collection":[{"href":"https:\/\/cri.it\/liguria\/wp-json\/wp\/v2\/pages"}],"about":[{"href":"https:\/\/cri.it\/liguria\/wp-json\/wp\/v2\/types\/page"}],"author":[{"embeddable":true,"href":"https:\/\/cri.it\/liguria\/wp-json\/wp\/v2\/users\/76"}],"replies":[{"embeddable":true,"href":"https:\/\/cri.it\/liguria\/wp-json\/wp\/v2\/comments?post=2044"}],"version-history":[{"count":2,"href":"https:\/\/cri.it\/liguria\/wp-json\/wp\/v2\/pages\/2044\/revisions"}],"predecessor-version":[{"id":2048,"href":"https:\/\/cri.it\/liguria\/wp-json\/wp\/v2\/pages\/2044\/revisions\/2048"}],"wp:featuredmedia":[{"embeddable":true,"href":"https:\/\/cri.it\/liguria\/wp-json\/wp\/v2\/media\/2046"}],"wp:attachment":[{"href":"https:\/\/cri.it\/liguria\/wp-json\/wp\/v2\/media?parent=2044"}],"wp:term":[{"taxonomy":"category","embeddable":true,"href":"https:\/\/cri.it\/liguria\/wp-json\/wp\/v2\/categories?post=2044"},{"taxonomy":"post_tag","embeddable":true,"href":"https:\/\/cri.it\/liguria\/wp-json\/wp\/v2\/tags?post=2044"}],"curies":[{"name":"wp","href":"https:\/\/api.w.org\/{rel}","templated":true}]}}