{"id":870,"date":"2021-10-04T12:30:37","date_gmt":"2021-10-04T10:30:37","guid":{"rendered":"https:\/\/cri.it\/friuliveneziagiulianew\/?page_id=870"},"modified":"2023-01-18T10:39:37","modified_gmt":"2023-01-18T09:39:37","slug":"centro-formazione-cri-fvg","status":"publish","type":"page","link":"https:\/\/cri.it\/friuliveneziagiulia\/centro-formazione-cri-fvg\/","title":{"rendered":"Centro Formazione CRI FVG"},"content":{"rendered":"\t\t<div data-elementor-type=\"wp-page\" data-elementor-id=\"870\" class=\"elementor elementor-870\">\n\t\t\t\t\t\t<section class=\"elementor-section elementor-top-section elementor-element elementor-element-a866ca9 elementor-section-boxed elementor-section-height-default elementor-section-height-default\" data-id=\"a866ca9\" data-element_type=\"section\" data-e-type=\"section\">\n\t\t\t\t\t\t<div class=\"elementor-container elementor-column-gap-default\">\n\t\t\t\t\t<div class=\"elementor-column elementor-col-100 elementor-top-column elementor-element elementor-element-5ef5618\" data-id=\"5ef5618\" data-element_type=\"column\" data-e-type=\"column\">\n\t\t\t<div class=\"elementor-widget-wrap elementor-element-populated\">\n\t\t\t\t\t\t<div class=\"elementor-element elementor-element-59301b5 elementor-widget elementor-widget-heading\" data-id=\"59301b5\" data-element_type=\"widget\" data-e-type=\"widget\" data-widget_type=\"heading.default\">\n\t\t\t\t<div class=\"elementor-widget-container\">\n\t\t\t\t\t<h2 class=\"elementor-heading-title elementor-size-default\">Centro regionale CRI FVG per la Formazione continua dei Volontari e degli Operatori della Sanit\u00e0<\/h2>\t\t\t\t<\/div>\n\t\t\t\t<\/div>\n\t\t\t\t\t<\/div>\n\t\t<\/div>\n\t\t\t\t\t<\/div>\n\t\t<\/section>\n\t\t\t\t<section class=\"elementor-section elementor-top-section elementor-element elementor-element-5aafc02 elementor-section-boxed elementor-section-height-default elementor-section-height-default\" data-id=\"5aafc02\" data-element_type=\"section\" data-e-type=\"section\">\n\t\t\t\t\t\t<div class=\"elementor-container elementor-column-gap-default\">\n\t\t\t\t\t<div class=\"elementor-column elementor-col-100 elementor-top-column elementor-element elementor-element-97a1e8a\" data-id=\"97a1e8a\" data-element_type=\"column\" data-e-type=\"column\">\n\t\t\t<div class=\"elementor-widget-wrap elementor-element-populated\">\n\t\t\t\t\t\t<div class=\"elementor-element elementor-element-7ae9116 elementor-widget elementor-widget-text-editor\" data-id=\"7ae9116\" data-element_type=\"widget\" data-e-type=\"widget\" data-widget_type=\"text-editor.default\">\n\t\t\t\t<div class=\"elementor-widget-container\">\n\t\t\t\t\t\t\t\t\t<p><span>Il Centro di Formazione Regionale del Friuli Venezia Giulia \u00e8 provider accreditato per la formazione continua in Sanit\u00e0 ai sensi della normativa nazionale e regionale per quanto concerne la formazione continua nel settore sanitario.<\/span><\/p><p><span>Il Centro di Formazione Regionale del Friuli Venezia Giulia opera in conformit\u00e0 allo Statuto ed ai Regolamenti interni di Croce Rossa.<\/span><\/p><p><a href=\"https:\/\/www.cri.it\/chi-siamo\/statuto\/\" target=\"_blank\" rel=\"noopener\">link a Statuto CRI<\/a><\/p><p><\/p>\t\t\t\t\t\t\t\t<\/div>\n\t\t\t\t<\/div>\n\t\t\t\t\t<\/div>\n\t\t<\/div>\n\t\t\t\t\t<\/div>\n\t\t<\/section>\n\t\t\t\t<section class=\"elementor-section elementor-top-section elementor-element elementor-element-93ccf1f elementor-section-boxed elementor-section-height-default elementor-section-height-default\" data-id=\"93ccf1f\" data-element_type=\"section\" data-e-type=\"section\">\n\t\t\t\t\t\t<div class=\"elementor-container elementor-column-gap-default\">\n\t\t\t\t\t<div class=\"elementor-column elementor-col-100 elementor-top-column elementor-element elementor-element-3bf6df5\" data-id=\"3bf6df5\" data-element_type=\"column\" data-e-type=\"column\">\n\t\t\t<div class=\"elementor-widget-wrap elementor-element-populated\">\n\t\t\t\t\t\t<section class=\"elementor-section elementor-inner-section elementor-element elementor-element-fc4886a elementor-section-boxed elementor-section-height-default elementor-section-height-default\" data-id=\"fc4886a\" data-element_type=\"section\" data-e-type=\"section\">\n\t\t\t\t\t\t<div class=\"elementor-container elementor-column-gap-default\">\n\t\t\t\t\t<div class=\"elementor-column elementor-col-50 elementor-inner-column elementor-element elementor-element-9f8224b\" data-id=\"9f8224b\" data-element_type=\"column\" data-e-type=\"column\">\n\t\t\t<div class=\"elementor-widget-wrap elementor-element-populated\">\n\t\t\t\t\t\t<div class=\"elementor-element elementor-element-2d4f3e9 elementor-view-default elementor-position-block-start elementor-mobile-position-block-start elementor-widget elementor-widget-icon-box\" data-id=\"2d4f3e9\" data-element_type=\"widget\" data-e-type=\"widget\" data-widget_type=\"icon-box.default\">\n\t\t\t\t<div class=\"elementor-widget-container\">\n\t\t\t\t\t\t\t<div class=\"elementor-icon-box-wrapper\">\n\n\t\t\t\t\t\t<div class=\"elementor-icon-box-icon\">\n\t\t\t\t<a href=\"https:\/\/cri.it\/friuliveneziagiulia\/centro-formazione-cri-fvg\/calendario-formativo-2022-2\/?preview_id=2356&#038;preview_nonce=8ae6cf60a2&#038;preview=true\" class=\"elementor-icon\" tabindex=\"-1\" aria-label=\"Calendario formativo 2023\">\n\t\t\t\t<i aria-hidden=\"true\" class=\"fas fa-graduation-cap\"><\/i>\t\t\t\t<\/a>\n\t\t\t<\/div>\n\t\t\t\n\t\t\t\t\t\t<div class=\"elementor-icon-box-content\">\n\n\t\t\t\t\t\t\t\t\t<h3 class=\"elementor-icon-box-title\">\n\t\t\t\t\t\t<a href=\"https:\/\/cri.it\/friuliveneziagiulia\/centro-formazione-cri-fvg\/calendario-formativo-2022-2\/?preview_id=2356&#038;preview_nonce=8ae6cf60a2&#038;preview=true\" >\n\t\t\t\t\t\t\tCalendario formativo 2023\t\t\t\t\t\t<\/a>\n\t\t\t\t\t<\/h3>\n\t\t\t\t\n\t\t\t\t\t\t\t\t\t<p class=\"elementor-icon-box-description\">\n\t\t\t\t\t\tLe iniziative formative attivate nel corso dell'anno \t\t\t\t\t<\/p>\n\t\t\t\t\n\t\t\t<\/div>\n\t\t\t\n\t\t<\/div>\n\t\t\t\t\t\t<\/div>\n\t\t\t\t<\/div>\n\t\t\t\t\t<\/div>\n\t\t<\/div>\n\t\t\t\t<div class=\"elementor-column elementor-col-50 elementor-inner-column elementor-element elementor-element-b54d23e\" data-id=\"b54d23e\" data-element_type=\"column\" data-e-type=\"column\">\n\t\t\t<div class=\"elementor-widget-wrap elementor-element-populated\">\n\t\t\t\t\t\t<div class=\"elementor-element elementor-element-542e26c elementor-icon-list--layout-traditional elementor-list-item-link-full_width elementor-widget elementor-widget-icon-list\" data-id=\"542e26c\" data-element_type=\"widget\" data-e-type=\"widget\" data-widget_type=\"icon-list.default\">\n\t\t\t\t<div class=\"elementor-widget-container\">\n\t\t\t\t\t\t\t<ul class=\"elementor-icon-list-items\">\n\t\t\t\t\t\t\t<li class=\"elementor-icon-list-item\">\n\t\t\t\t\t\t\t\t\t\t\t<span class=\"elementor-icon-list-icon\">\n\t\t\t\t\t\t\t<i aria-hidden=\"true\" class=\"fas fa-check\"><\/i>\t\t\t\t\t\t<\/span>\n\t\t\t\t\t\t\t\t\t\t<span class=\"elementor-icon-list-text\">Calendario formativo 2023<\/span>\n\t\t\t\t\t\t\t\t\t<\/li>\n\t\t\t\t\t\t\t\t<li class=\"elementor-icon-list-item\">\n\t\t\t\t\t\t\t\t\t\t\t<a href=\"https:\/\/cri.it\/friuliveneziagiulia\/centro-formazione-cri-fvg\/calendario-formativo-2022\/\">\n\n\t\t\t\t\t\t\t\t\t\t\t\t<span class=\"elementor-icon-list-icon\">\n\t\t\t\t\t\t\t<i aria-hidden=\"true\" class=\"fas fa-check-circle\"><\/i>\t\t\t\t\t\t<\/span>\n\t\t\t\t\t\t\t\t\t\t<span class=\"elementor-icon-list-text\">Calendario formativo 2022<\/span>\n\t\t\t\t\t\t\t\t\t\t\t<\/a>\n\t\t\t\t\t\t\t\t\t<\/li>\n\t\t\t\t\t\t\t\t<li class=\"elementor-icon-list-item\">\n\t\t\t\t\t\t\t\t\t\t\t<a href=\"https:\/\/cri.it\/friuliveneziagiulia\/calendario-formativo-2021\/\" target=\"_blank\">\n\n\t\t\t\t\t\t\t\t\t\t\t\t<span class=\"elementor-icon-list-icon\">\n\t\t\t\t\t\t\t<i aria-hidden=\"true\" class=\"fas fa-check-circle\"><\/i>\t\t\t\t\t\t<\/span>\n\t\t\t\t\t\t\t\t\t\t<span class=\"elementor-icon-list-text\">Calendario formativo 2021<\/span>\n\t\t\t\t\t\t\t\t\t\t\t<\/a>\n\t\t\t\t\t\t\t\t\t<\/li>\n\t\t\t\t\t\t\t\t<li class=\"elementor-icon-list-item\">\n\t\t\t\t\t\t\t\t\t\t\t<a href=\"https:\/\/cri.it\/friuliveneziagiulia\/calendario-formativo-2020\/\" target=\"_blank\">\n\n\t\t\t\t\t\t\t\t\t\t\t\t<span class=\"elementor-icon-list-icon\">\n\t\t\t\t\t\t\t<i aria-hidden=\"true\" class=\"fas fa-check-circle\"><\/i>\t\t\t\t\t\t<\/span>\n\t\t\t\t\t\t\t\t\t\t<span class=\"elementor-icon-list-text\">Calendario formativo 2020<\/span>\n\t\t\t\t\t\t\t\t\t\t\t<\/a>\n\t\t\t\t\t\t\t\t\t<\/li>\n\t\t\t\t\t\t\t\t<li class=\"elementor-icon-list-item\">\n\t\t\t\t\t\t\t\t\t\t\t<a href=\"https:\/\/cri.it\/friuliveneziagiulia\/calendario-formativo-2019\/\" target=\"_blank\">\n\n\t\t\t\t\t\t\t\t\t\t\t\t<span class=\"elementor-icon-list-icon\">\n\t\t\t\t\t\t\t<i aria-hidden=\"true\" class=\"fas fa-check-circle\"><\/i>\t\t\t\t\t\t<\/span>\n\t\t\t\t\t\t\t\t\t\t<span class=\"elementor-icon-list-text\">Calendario formativo 2019<\/span>\n\t\t\t\t\t\t\t\t\t\t\t<\/a>\n\t\t\t\t\t\t\t\t\t<\/li>\n\t\t\t\t\t\t<\/ul>\n\t\t\t\t\t\t<\/div>\n\t\t\t\t<\/div>\n\t\t\t\t\t<\/div>\n\t\t<\/div>\n\t\t\t\t\t<\/div>\n\t\t<\/section>\n\t\t\t\t\t<\/div>\n\t\t<\/div>\n\t\t\t\t\t<\/div>\n\t\t<\/section>\n\t\t\t\t<section class=\"elementor-section elementor-top-section elementor-element elementor-element-a0f973d elementor-section-boxed elementor-section-height-default elementor-section-height-default\" data-id=\"a0f973d\" data-element_type=\"section\" data-e-type=\"section\">\n\t\t\t\t\t\t<div class=\"elementor-container elementor-column-gap-default\">\n\t\t\t\t\t<div class=\"elementor-column elementor-col-100 elementor-top-column elementor-element elementor-element-4232dcb\" data-id=\"4232dcb\" data-element_type=\"column\" data-e-type=\"column\">\n\t\t\t<div class=\"elementor-widget-wrap elementor-element-populated\">\n\t\t\t\t\t\t<div class=\"elementor-element elementor-element-b361c0a elementor-widget elementor-widget-text-editor\" data-id=\"b361c0a\" data-element_type=\"widget\" data-e-type=\"widget\" data-widget_type=\"text-editor.default\">\n\t\t\t\t<div class=\"elementor-widget-container\">\n\t\t\t\t\t\t\t\t\t<h3><strong>Comitato Scientifico<\/strong><\/h3><p>Il Comitato Scientifico, nominato con Provvedimento del presidente Regionale CRI FVG n\u00b05 del 19 gennaio 2018, \u00e8 cos\u00ec costituito:<\/p><ul><li>D.ssa Milena-Maria Cisilino (Docente Scuola secondaria superiore. Presidente del Comitato Regionale CRI FVG. Responsabile Servizio Formazione) <a href=\"https:\/\/cri.it\/friuliveneziagiulianew\/wp-content\/uploads\/sites\/8\/2021\/05\/01_CV_Presidente_CRI_FVG_CISILINO_MilenaMaria_oscu-1.pdf\" class=\"mtli_attachment mtli_pdf\">CV<\/a><\/li><li>Dott. Roberto Baraziol (Medico Chirurgo. Specialista in Chirurgia plastica ricostruttiva ed estetica) <a href=\"https:\/\/cri.it\/friuliveneziagiulianew\/wp-content\/uploads\/sites\/8\/2021\/05\/08_b_CV_Comitato_Scientififico_BARAZIOL_oscu.pdf\" class=\"mtli_attachment mtli_pdf\">CV<\/a><\/li><li>Dott. Gianfranco Guarnieri (Medico Chirurgo. Professore emerito in Medicina interna) <a href=\"https:\/\/cri.it\/friuliveneziagiulianew\/wp-content\/uploads\/sites\/8\/2021\/05\/08_a_CV_Comitato_Scientifico_GUARNEIRI.pdf\" class=\"mtli_attachment mtli_pdf\">CV<\/a><\/li><li>Dott. Roberto Peressutti (Medico Chirurgo. Specialista in Anestesia e Rianimazione. Coordinatore regionale trapianti FVG) <a href=\"https:\/\/cri.it\/friuliveneziagiulianew\/wp-content\/uploads\/sites\/8\/2021\/05\/08_d_CV_Comitato_Scientifico_PERESSUTTI_oscu-1.pdf\" class=\"mtli_attachment mtli_pdf\">CV<\/a><\/li><li>D.ssa Tiziana Tellini (Coordinatore Infermieristico) <a href=\"https:\/\/cri.it\/friuliveneziagiulianew\/wp-content\/uploads\/sites\/8\/2021\/05\/08_e_CV_Comitato_Scientifico_TELLINI_oscu.pdf\" class=\"mtli_attachment mtli_pdf\">CV<\/a><\/li><li>Dott. Lorenzo Ventre (Medico chirurgo. Specialista in Medicina Generale, Specialista in Psichiatria\/Psicoterapia, Specialista in Medicina Legale. Direttore Sanitario del Comitato Regionale CRI FVG) <a href=\"https:\/\/cri.it\/friuliveneziagiulianew\/wp-content\/uploads\/sites\/8\/2021\/05\/08_f_CV_Comitato_Scientifico_VENTRE_cens.pdf\" class=\"mtli_attachment mtli_pdf\">CV<\/a><\/li><\/ul><p><strong>\u00a0<\/strong><\/p>\t\t\t\t\t\t\t\t<\/div>\n\t\t\t\t<\/div>\n\t\t\t\t\t<\/div>\n\t\t<\/div>\n\t\t\t\t\t<\/div>\n\t\t<\/section>\n\t\t\t\t<section class=\"elementor-section elementor-top-section elementor-element elementor-element-25eafed elementor-section-boxed elementor-section-height-default elementor-section-height-default\" data-id=\"25eafed\" data-element_type=\"section\" data-e-type=\"section\">\n\t\t\t\t\t\t<div class=\"elementor-container elementor-column-gap-default\">\n\t\t\t\t\t<div class=\"elementor-column elementor-col-100 elementor-top-column elementor-element elementor-element-21f91fe\" data-id=\"21f91fe\" data-element_type=\"column\" data-e-type=\"column\">\n\t\t\t<div class=\"elementor-widget-wrap elementor-element-populated\">\n\t\t\t\t\t\t<div class=\"elementor-element elementor-element-5491c53 elementor-widget elementor-widget-toggle\" data-id=\"5491c53\" data-element_type=\"widget\" data-e-type=\"widget\" data-widget_type=\"toggle.default\">\n\t\t\t\t<div class=\"elementor-widget-container\">\n\t\t\t\t\t\t\t<div class=\"elementor-toggle\">\n\t\t\t\t\t\t\t<div class=\"elementor-toggle-item\">\n\t\t\t\t\t<div id=\"elementor-tab-title-8861\" class=\"elementor-tab-title\" data-tab=\"1\" role=\"button\" aria-controls=\"elementor-tab-content-8861\" aria-expanded=\"false\">\n\t\t\t\t\t\t\t\t\t\t\t\t<span class=\"elementor-toggle-icon elementor-toggle-icon-left\" aria-hidden=\"true\">\n\t\t\t\t\t\t\t\t\t\t\t\t\t\t\t<span class=\"elementor-toggle-icon-closed\"><i class=\"fas fa-caret-right\"><\/i><\/span>\n\t\t\t\t\t\t\t\t<span class=\"elementor-toggle-icon-opened\"><i class=\"elementor-toggle-icon-opened fas fa-caret-up\"><\/i><\/span>\n\t\t\t\t\t\t\t\t\t\t\t\t\t<\/span>\n\t\t\t\t\t\t\t\t\t\t\t\t<a class=\"elementor-toggle-title\" tabindex=\"0\">Atto di nomina Comitato Scientifico<\/a>\n\t\t\t\t\t<\/div>\n\n\t\t\t\t\t<div id=\"elementor-tab-content-8861\" class=\"elementor-tab-content elementor-clearfix\" data-tab=\"1\" role=\"region\" aria-labelledby=\"elementor-tab-title-8861\"><p><a href=\"https:\/\/cri.it\/friuliveneziagiulianew\/wp-content\/uploads\/sites\/8\/2021\/06\/12_Atto_di_nomina_Comitato_Scientifico_Provvedimento.pdf\" class=\"mtli_attachment mtli_pdf\">12_Atto_di_nomina_Comitato_Scientifico_Provvedimento<\/a><\/p><\/div>\n\t\t\t\t<\/div>\n\t\t\t\t\t\t\t<div class=\"elementor-toggle-item\">\n\t\t\t\t\t<div id=\"elementor-tab-title-8862\" class=\"elementor-tab-title\" data-tab=\"2\" role=\"button\" aria-controls=\"elementor-tab-content-8862\" aria-expanded=\"false\">\n\t\t\t\t\t\t\t\t\t\t\t\t<span class=\"elementor-toggle-icon elementor-toggle-icon-left\" aria-hidden=\"true\">\n\t\t\t\t\t\t\t\t\t\t\t\t\t\t\t<span class=\"elementor-toggle-icon-closed\"><i class=\"fas fa-caret-right\"><\/i><\/span>\n\t\t\t\t\t\t\t\t<span class=\"elementor-toggle-icon-opened\"><i class=\"elementor-toggle-icon-opened fas fa-caret-up\"><\/i><\/span>\n\t\t\t\t\t\t\t\t\t\t\t\t\t<\/span>\n\t\t\t\t\t\t\t\t\t\t\t\t<a class=\"elementor-toggle-title\" tabindex=\"0\">Regolamento<\/a>\n\t\t\t\t\t<\/div>\n\n\t\t\t\t\t<div id=\"elementor-tab-content-8862\" class=\"elementor-tab-content elementor-clearfix\" data-tab=\"2\" role=\"region\" aria-labelledby=\"elementor-tab-title-8862\"><p><a href=\"https:\/\/cri.it\/friuliveneziagiulianew\/wp-content\/uploads\/sites\/8\/2021\/06\/12_1_Regolamento_Centro_di_Formazione_signed.pdf\" class=\"mtli_attachment mtli_pdf\">12_1_Regolamento_Centro_di_Formazione_signed<\/a><\/p><\/div>\n\t\t\t\t<\/div>\n\t\t\t\t\t\t\t<div class=\"elementor-toggle-item\">\n\t\t\t\t\t<div id=\"elementor-tab-title-8863\" class=\"elementor-tab-title\" data-tab=\"3\" role=\"button\" aria-controls=\"elementor-tab-content-8863\" aria-expanded=\"false\">\n\t\t\t\t\t\t\t\t\t\t\t\t<span class=\"elementor-toggle-icon elementor-toggle-icon-left\" aria-hidden=\"true\">\n\t\t\t\t\t\t\t\t\t\t\t\t\t\t\t<span class=\"elementor-toggle-icon-closed\"><i class=\"fas fa-caret-right\"><\/i><\/span>\n\t\t\t\t\t\t\t\t<span class=\"elementor-toggle-icon-opened\"><i class=\"elementor-toggle-icon-opened fas fa-caret-up\"><\/i><\/span>\n\t\t\t\t\t\t\t\t\t\t\t\t\t<\/span>\n\t\t\t\t\t\t\t\t\t\t\t\t<a class=\"elementor-toggle-title\" tabindex=\"0\">Portale per la formazione continua in Sanita' e per l'ECM della Regione Friuli Venezia Giulia<\/a>\n\t\t\t\t\t<\/div>\n\n\t\t\t\t\t<div id=\"elementor-tab-content-8863\" class=\"elementor-tab-content elementor-clearfix\" data-tab=\"3\" role=\"region\" aria-labelledby=\"elementor-tab-title-8863\"><p><a href=\"https:\/\/ecm.sanita.fvg.it\/ecm\/home\" target=\"_blank\" rel=\"noopener\">https:\/\/ecm.sanita.fvg.it\/ecm\/home<\/a><\/p><\/div>\n\t\t\t\t<\/div>\n\t\t\t\t\t\t\t\t<\/div>\n\t\t\t\t\t\t<\/div>\n\t\t\t\t<\/div>\n\t\t\t\t<div class=\"elementor-element elementor-element-ebd8212 elementor-widget elementor-widget-spacer\" data-id=\"ebd8212\" data-element_type=\"widget\" data-e-type=\"widget\" data-widget_type=\"spacer.default\">\n\t\t\t\t<div class=\"elementor-widget-container\">\n\t\t\t\t\t\t\t<div class=\"elementor-spacer\">\n\t\t\t<div class=\"elementor-spacer-inner\"><\/div>\n\t\t<\/div>\n\t\t\t\t\t\t<\/div>\n\t\t\t\t<\/div>\n\t\t\t\t<div class=\"elementor-element elementor-element-8d2d351 elementor-view-framed elementor-position-inline-start elementor-shape-circle elementor-mobile-position-block-start elementor-widget elementor-widget-icon-box\" data-id=\"8d2d351\" data-element_type=\"widget\" data-e-type=\"widget\" data-widget_type=\"icon-box.default\">\n\t\t\t\t<div class=\"elementor-widget-container\">\n\t\t\t\t\t\t\t<div class=\"elementor-icon-box-wrapper\">\n\n\t\t\t\t\t\t<div class=\"elementor-icon-box-icon\">\n\t\t\t\t<a href=\"https:\/\/ecm.sanita.fvg.it\/documents\/24308\/0\/Indicazioni+generali+sul+sistema+ECM+ad+uso+dei+professionisti+tenuti+all%27obbligo\/8032e64b-3311-44d8-9386-40b0849adffe?version=1.1\" class=\"elementor-icon\" tabindex=\"-1\" target=\"_blank\" rel=\"noopener\">\n\t\t\t\t<i aria-hidden=\"true\" class=\"fas fa-graduation-cap\"><\/i>\t\t\t\t<\/a>\n\t\t\t<\/div>\n\t\t\t\n\t\t\t\t\t\t<div class=\"elementor-icon-box-content\">\n\n\t\t\t\t\n\t\t\t\t\t\t\t\t\t<p class=\"elementor-icon-box-description\">\n\t\t\t\t\t\t<b>Sistema regionale di formazione continua ed ECM (Educazione Continua in Medicina)<\/b><br>Con decreto G.R. n\u00b0924 del 7 giugno 2019 \u00e8 stato riconosciuto dal Direttore Centrale deIla Direzione Centrale salute, Politiche Sociali e disabilit\u00e0 la qualifica di provider <i>standard<\/i> ECM al Comitato Regionale Friuli Venezia Giulia con decorrenza di anni 5 . L'accreditamento \u00e8 stato concesso per la tipologia di Formazione Residenziale (RES). La Sede operativa del Comitato regionale CRI FVG \u00e8 situata in P.zza Sansovino, 3 a Trieste . CF 90160480324 PI 01343920326.<br>Per contattare la Segreteria del Centro di formazione CRI FVG tel. 040304032 formazione@fvg.cri.it oppure friuliveneziagiulia@cri.it. <br>Il Centro di Formazione Regionale CRI FVG in qualit\u00e0 di provider accreditato eroga una serie di percorsi formativi <br>rivolti ai professionisti sanitari che danno diritto al riconoscimento dei crediti ECM.<br>\t\t\t\t\t<\/p>\n\t\t\t\t\n\t\t\t<\/div>\n\t\t\t\n\t\t<\/div>\n\t\t\t\t\t\t<\/div>\n\t\t\t\t<\/div>\n\t\t\t\t\t<\/div>\n\t\t<\/div>\n\t\t\t\t\t<\/div>\n\t\t<\/section>\n\t\t\t\t<section class=\"elementor-section elementor-top-section elementor-element elementor-element-bcb0f31 elementor-section-boxed elementor-section-height-default elementor-section-height-default\" data-id=\"bcb0f31\" data-element_type=\"section\" data-e-type=\"section\">\n\t\t\t\t\t\t<div class=\"elementor-container elementor-column-gap-narrow\">\n\t\t\t\t\t<div class=\"elementor-column elementor-col-100 elementor-top-column elementor-element elementor-element-f635e72\" data-id=\"f635e72\" data-element_type=\"column\" data-e-type=\"column\">\n\t\t\t<div class=\"elementor-widget-wrap elementor-element-populated\">\n\t\t\t\t\t\t<div class=\"elementor-element elementor-element-5a1b602 elementor-widget elementor-widget-text-editor\" data-id=\"5a1b602\" data-element_type=\"widget\" data-e-type=\"widget\" data-widget_type=\"text-editor.default\">\n\t\t\t\t<div class=\"elementor-widget-container\">\n\t\t\t\t\t\t\t\t\t<p><span>Per approfondire l&#8217;elenco completo degli operatori sanitari interessati dall&#8217;offerta formativa ECM <a href=\"https:\/\/ecm.sanita.fvg.it\/documents\/24308\/0\/Indicazioni+generali+sul+sistema+ECM+ad+uso+dei+professionisti+tenuti+all%27obbligo\/8032e64b-3311-44d8-9386-40b0849adffe?version=1.1\" target=\"_blank\" rel=\"noopener\">clicca qui<\/a><\/span><\/p>\t\t\t\t\t\t\t\t<\/div>\n\t\t\t\t<\/div>\n\t\t\t\t\t<\/div>\n\t\t<\/div>\n\t\t\t\t\t<\/div>\n\t\t<\/section>\n\t\t\t\t<\/div>\n\t\t","protected":false},"excerpt":{"rendered":"<p>Centro regionale CRI FVG per la Formazione continua dei Volontari e degli Operatori della Sanit\u00e0 Il Centro di Formazione Regionale del Friuli Venezia Giulia \u00e8 provider accreditato per la formazione continua in Sanit\u00e0 ai sensi della normativa nazionale e regionale per quanto concerne la formazione continua nel settore sanitario. Il [&hellip;]<\/p>\n","protected":false},"author":70,"featured_media":0,"parent":0,"menu_order":0,"comment_status":"closed","ping_status":"closed","template":"","meta":{"_themeisle_gutenberg_block_has_review":false,"footnotes":""},"categories":[],"tags":[],"class_list":["post-870","page","type-page","status-publish","hentry"],"_links":{"self":[{"href":"https:\/\/cri.it\/friuliveneziagiulia\/wp-json\/wp\/v2\/pages\/870","targetHints":{"allow":["GET"]}}],"collection":[{"href":"https:\/\/cri.it\/friuliveneziagiulia\/wp-json\/wp\/v2\/pages"}],"about":[{"href":"https:\/\/cri.it\/friuliveneziagiulia\/wp-json\/wp\/v2\/types\/page"}],"author":[{"embeddable":true,"href":"https:\/\/cri.it\/friuliveneziagiulia\/wp-json\/wp\/v2\/users\/70"}],"replies":[{"embeddable":true,"href":"https:\/\/cri.it\/friuliveneziagiulia\/wp-json\/wp\/v2\/comments?post=870"}],"version-history":[{"count":3,"href":"https:\/\/cri.it\/friuliveneziagiulia\/wp-json\/wp\/v2\/pages\/870\/revisions"}],"predecessor-version":[{"id":2395,"href":"https:\/\/cri.it\/friuliveneziagiulia\/wp-json\/wp\/v2\/pages\/870\/revisions\/2395"}],"wp:attachment":[{"href":"https:\/\/cri.it\/friuliveneziagiulia\/wp-json\/wp\/v2\/media?parent=870"}],"wp:term":[{"taxonomy":"category","embeddable":true,"href":"https:\/\/cri.it\/friuliveneziagiulia\/wp-json\/wp\/v2\/categories?post=870"},{"taxonomy":"post_tag","embeddable":true,"href":"https:\/\/cri.it\/friuliveneziagiulia\/wp-json\/wp\/v2\/tags?post=870"}],"curies":[{"name":"wp","href":"https:\/\/api.w.org\/{rel}","templated":true}]}}